{"id":49603,"date":"2024-04-29T14:27:37","date_gmt":"2024-04-29T12:27:37","guid":{"rendered":"https:\/\/www.sciencefictionfestival.org\/film\/les-revenants\/"},"modified":"2024-04-29T15:58:59","modified_gmt":"2024-04-29T13:58:59","slug":"les-revenants","status":"publish","type":"film","link":"https:\/\/www.sciencefictionfestival.org\/en\/film\/les-revenants\/","title":{"rendered":"Les Revenants"},"content":{"rendered":"<div class=\"wpb-content-wrapper\"><p>[vc_row full_width=&#8221;stretch_row&#8221;][vc_column][vc_row_inner][vc_column_inner width=&#8221;1\/3&#8243;][vc_column_text]<\/p>\n<h5>Robin Campillo<br \/>\nFrance 2004, 102&#8242;<\/h5>\n<p>[\/vc_column_text][\/vc_column_inner][vc_column_inner width=&#8221;1\/3&#8243;][\/vc_column_inner][vc_column_inner width=&#8221;1\/3&#8243;][vc_column_text el_id=&#8221;&#8221;]<\/p>\n<h5><a href=\"https:\/\/www.sciencefictionfestival.org\/archivio\/tsff-2008\/\">2008_Voyage Fnatastique<\/a><\/h5>\n<p>[\/vc_column_text][\/vc_column_inner][\/vc_row_inner][vc_separator color=&#8221;black&#8221;][vc_row_inner][vc_column_inner width=&#8221;2\/3&#8243; css=&#8221;.vc_custom_1710231564303{padding-right: 40px !important;}&#8221;][vc_column_text]I morti resuscitano in massa. Milioni di defunti in tutto il mondo lasciano i cimiteri diretti verso la citt\u00e0. L\u2019esodo suggerisce un\u2019unica fondamentale domanda: vivi e morti riusciranno a convivere?<\/p>\n<hr \/>\n<p>The dead have come back to life in droves. Throughout the world, thousands of the dead have left the cemeteries behind them and headed for the city. Their exodus gives rise to a fundamental question: just how can society accommodate all these people returning from the afterlife?[\/vc_column_text][\/vc_column_inner][vc_column_inner width=&#8221;1\/3&#8243;][vc_column_text]<\/p>\n<h5>Sceneggiatura_Screenplay<br \/>\n<strong>Robin Campillo, Brigitte Tijou<\/strong><br \/>\nFotografia_Cinematography<br \/>\n<strong>Jeanne Lapoirie<\/strong><br \/>\nMontaggio_Editing<br \/>\n<strong>Robin Campillo, Stephanie Leger<\/strong><br \/>\nMusiche_Music<br \/>\n<strong>Jocelyn Pook<\/strong><br \/>\nInterpreti_Cast<br \/>\n<strong>G\u00e9raldine Pailhas, Jonathan Zacca\u00ef, Fr\u00e9d\u00e9ric Pierrot, Victor Garrivier<\/strong><br \/>\nProduttore_Producer<br \/>\n<strong>Simon Arnal<\/strong><\/h5>\n<p>[\/vc_column_text][\/vc_column_inner][\/vc_row_inner][vc_separator color=&#8221;black&#8221; border_width=&#8221;2&#8243; css=&#8221;.vc_custom_1698237245454{margin-top: 30px !important;}&#8221;][vc_column_text]<\/p>\n<h3 style=\"text-align: center;\">2008 Festival Lineup<\/h3>\n<p>[\/vc_column_text][vc_separator color=&#8221;black&#8221; css=&#8221;.vc_custom_1698237228846{margin-top: -20px !important;}&#8221;][vc_basic_grid post_type=&#8221;film&#8221; max_items=&#8221;-1&#8243; style=&#8221;load-more&#8221; items_per_page=&#8221;8&#8243; element_width=&#8221;3&#8243; gap=&#8221;10&#8243; orderby=&#8221;rand&#8221; item=&#8221;43419&#8243; initial_loading_animation=&#8221;none&#8221; btn_title=&#8221;Vedi altri film&#8221; btn_style=&#8221;outline&#8221; btn_shape=&#8221;square&#8221; btn_color=&#8221;black&#8221; grid_id=&#8221;vc_gid:1714399079618-e4127449-c12d-0&#8243; taxonomies=&#8221;101&#8243;][\/vc_column][\/vc_row]<\/p>\n<\/div>","protected":false},"excerpt":{"rendered":"<h5>Robin Campillo <br \/>\nFrance 2004, 102&#8242; <br \/>\n&#8211; <br \/>\n2008 Focus Francia<\/h5>\n<p> <a class=\"g1-link g1-link-more\" href=\"https:\/\/www.sciencefictionfestival.org\/en\/film\/les-revenants\/\">More<\/a><\/p>\n","protected":false},"author":1,"featured_media":30574,"menu_order":0,"template":"","format":"standard","meta":{"cybocfi_hide_featured_image":"","footnotes":""},"categories":[],"tags":[],"neon":[273],"class_list":{"0":"post-49603","1":"film","2":"type-film","3":"status-publish","4":"format-standard","5":"has-post-thumbnail","7":"neon-voyage-fantastique-2008"},"yoast_head":"<!-- This site is optimized with the Yoast SEO plugin v27.1.1 - https:\/\/yoast.com\/product\/yoast-seo-wordpress\/ -->\n<title>Les Revenants - Trieste Science+Fiction Festival<\/title>\n<meta name=\"robots\" content=\"index, follow, max-snippet:-1, max-image-preview:large, max-video-preview:-1\" \/>\n<link rel=\"canonical\" href=\"https:\/\/www.sciencefictionfestival.org\/en\/film\/les-revenants\/\" \/>\n<meta property=\"og:locale\" content=\"en_US\" \/>\n<meta property=\"og:type\" content=\"article\" \/>\n<meta property=\"og:title\" content=\"Les Revenants - Trieste Science+Fiction Festival\" \/>\n<meta property=\"og:description\" content=\"Robin Campillo  France 2004, 102&#039;  -  2008 Focus Francia More\" \/>\n<meta property=\"og:url\" content=\"https:\/\/www.sciencefictionfestival.org\/en\/film\/les-revenants\/\" \/>\n<meta property=\"og:site_name\" content=\"Trieste Science+Fiction Festival\" \/>\n<meta property=\"article:modified_time\" content=\"2024-04-29T13:58:59+00:00\" \/>\n<meta property=\"og:image\" content=\"https:\/\/www.sciencefictionfestival.org\/wp-content\/uploads\/2021\/08\/Les-Revenants.jpg\" \/>\n\t<meta property=\"og:image:width\" content=\"1000\" \/>\n\t<meta property=\"og:image:height\" content=\"562\" \/>\n\t<meta property=\"og:image:type\" content=\"image\/jpeg\" \/>\n<meta name=\"twitter:card\" content=\"summary_large_image\" \/>\n<meta name=\"twitter:label1\" content=\"Est. reading time\" \/>\n\t<meta name=\"twitter:data1\" content=\"1 minute\" \/>\n<script type=\"application\/ld+json\" class=\"yoast-schema-graph\">{\"@context\":\"https:\/\/schema.org\",\"@graph\":[{\"@type\":\"WebPage\",\"@id\":\"https:\/\/www.sciencefictionfestival.org\/en\/film\/les-revenants\/\",\"url\":\"https:\/\/www.sciencefictionfestival.org\/en\/film\/les-revenants\/\",\"name\":\"Les Revenants - Trieste Science+Fiction Festival\",\"isPartOf\":{\"@id\":\"https:\/\/www.sciencefictionfestival.org\/#website\"},\"primaryImageOfPage\":{\"@id\":\"https:\/\/www.sciencefictionfestival.org\/en\/film\/les-revenants\/#primaryimage\"},\"image\":{\"@id\":\"https:\/\/www.sciencefictionfestival.org\/en\/film\/les-revenants\/#primaryimage\"},\"thumbnailUrl\":\"https:\/\/sfft.noiza-assets.eu\/sfft\/2021\/08\/Les-Revenants.jpg\",\"datePublished\":\"2024-04-29T12:27:37+00:00\",\"dateModified\":\"2024-04-29T13:58:59+00:00\",\"breadcrumb\":{\"@id\":\"https:\/\/www.sciencefictionfestival.org\/en\/film\/les-revenants\/#breadcrumb\"},\"inLanguage\":\"en-US\",\"potentialAction\":[{\"@type\":\"ReadAction\",\"target\":[\"https:\/\/www.sciencefictionfestival.org\/en\/film\/les-revenants\/\"]}]},{\"@type\":\"ImageObject\",\"inLanguage\":\"en-US\",\"@id\":\"https:\/\/www.sciencefictionfestival.org\/en\/film\/les-revenants\/#primaryimage\",\"url\":\"https:\/\/sfft.noiza-assets.eu\/sfft\/2021\/08\/Les-Revenants.jpg\",\"contentUrl\":\"https:\/\/sfft.noiza-assets.eu\/sfft\/2021\/08\/Les-Revenants.jpg\",\"width\":1000,\"height\":562},{\"@type\":\"BreadcrumbList\",\"@id\":\"https:\/\/www.sciencefictionfestival.org\/en\/film\/les-revenants\/#breadcrumb\",\"itemListElement\":[{\"@type\":\"ListItem\",\"position\":1,\"name\":\"Home\",\"item\":\"https:\/\/www.sciencefictionfestival.org\/en\/\"},{\"@type\":\"ListItem\",\"position\":2,\"name\":\"Film\",\"item\":\"https:\/\/www.sciencefictionfestival.org\/film\/\"},{\"@type\":\"ListItem\",\"position\":3,\"name\":\"Les Revenants\"}]},{\"@type\":\"WebSite\",\"@id\":\"https:\/\/www.sciencefictionfestival.org\/#website\",\"url\":\"https:\/\/www.sciencefictionfestival.org\/\",\"name\":\"Trieste Science+Fiction Festival\",\"description\":\"Festival della Fantascienza di Trieste\",\"potentialAction\":[{\"@type\":\"SearchAction\",\"target\":{\"@type\":\"EntryPoint\",\"urlTemplate\":\"https:\/\/www.sciencefictionfestival.org\/?s={search_term_string}\"},\"query-input\":{\"@type\":\"PropertyValueSpecification\",\"valueRequired\":true,\"valueName\":\"search_term_string\"}}],\"inLanguage\":\"en-US\"}]}<\/script>\n<!-- \/ Yoast SEO plugin. -->","yoast_head_json":{"title":"Les Revenants - Trieste Science+Fiction Festival","robots":{"index":"index","follow":"follow","max-snippet":"max-snippet:-1","max-image-preview":"max-image-preview:large","max-video-preview":"max-video-preview:-1"},"canonical":"https:\/\/www.sciencefictionfestival.org\/en\/film\/les-revenants\/","og_locale":"en_US","og_type":"article","og_title":"Les Revenants - Trieste Science+Fiction Festival","og_description":"Robin Campillo  France 2004, 102'  -  2008 Focus Francia More","og_url":"https:\/\/www.sciencefictionfestival.org\/en\/film\/les-revenants\/","og_site_name":"Trieste Science+Fiction Festival","article_modified_time":"2024-04-29T13:58:59+00:00","og_image":[{"width":1000,"height":562,"url":"https:\/\/www.sciencefictionfestival.org\/wp-content\/uploads\/2021\/08\/Les-Revenants.jpg","type":"image\/jpeg"}],"twitter_card":"summary_large_image","twitter_misc":{"Est. reading time":"1 minute"},"schema":{"@context":"https:\/\/schema.org","@graph":[{"@type":"WebPage","@id":"https:\/\/www.sciencefictionfestival.org\/en\/film\/les-revenants\/","url":"https:\/\/www.sciencefictionfestival.org\/en\/film\/les-revenants\/","name":"Les Revenants - Trieste Science+Fiction Festival","isPartOf":{"@id":"https:\/\/www.sciencefictionfestival.org\/#website"},"primaryImageOfPage":{"@id":"https:\/\/www.sciencefictionfestival.org\/en\/film\/les-revenants\/#primaryimage"},"image":{"@id":"https:\/\/www.sciencefictionfestival.org\/en\/film\/les-revenants\/#primaryimage"},"thumbnailUrl":"https:\/\/sfft.noiza-assets.eu\/sfft\/2021\/08\/Les-Revenants.jpg","datePublished":"2024-04-29T12:27:37+00:00","dateModified":"2024-04-29T13:58:59+00:00","breadcrumb":{"@id":"https:\/\/www.sciencefictionfestival.org\/en\/film\/les-revenants\/#breadcrumb"},"inLanguage":"en-US","potentialAction":[{"@type":"ReadAction","target":["https:\/\/www.sciencefictionfestival.org\/en\/film\/les-revenants\/"]}]},{"@type":"ImageObject","inLanguage":"en-US","@id":"https:\/\/www.sciencefictionfestival.org\/en\/film\/les-revenants\/#primaryimage","url":"https:\/\/sfft.noiza-assets.eu\/sfft\/2021\/08\/Les-Revenants.jpg","contentUrl":"https:\/\/sfft.noiza-assets.eu\/sfft\/2021\/08\/Les-Revenants.jpg","width":1000,"height":562},{"@type":"BreadcrumbList","@id":"https:\/\/www.sciencefictionfestival.org\/en\/film\/les-revenants\/#breadcrumb","itemListElement":[{"@type":"ListItem","position":1,"name":"Home","item":"https:\/\/www.sciencefictionfestival.org\/en\/"},{"@type":"ListItem","position":2,"name":"Film","item":"https:\/\/www.sciencefictionfestival.org\/film\/"},{"@type":"ListItem","position":3,"name":"Les Revenants"}]},{"@type":"WebSite","@id":"https:\/\/www.sciencefictionfestival.org\/#website","url":"https:\/\/www.sciencefictionfestival.org\/","name":"Trieste Science+Fiction Festival","description":"Festival della Fantascienza di Trieste","potentialAction":[{"@type":"SearchAction","target":{"@type":"EntryPoint","urlTemplate":"https:\/\/www.sciencefictionfestival.org\/?s={search_term_string}"},"query-input":{"@type":"PropertyValueSpecification","valueRequired":true,"valueName":"search_term_string"}}],"inLanguage":"en-US"}]}},"_links":{"self":[{"href":"https:\/\/www.sciencefictionfestival.org\/en\/wp-json\/wp\/v2\/film\/49603","targetHints":{"allow":["GET"]}}],"collection":[{"href":"https:\/\/www.sciencefictionfestival.org\/en\/wp-json\/wp\/v2\/film"}],"about":[{"href":"https:\/\/www.sciencefictionfestival.org\/en\/wp-json\/wp\/v2\/types\/film"}],"author":[{"embeddable":true,"href":"https:\/\/www.sciencefictionfestival.org\/en\/wp-json\/wp\/v2\/users\/1"}],"version-history":[{"count":1,"href":"https:\/\/www.sciencefictionfestival.org\/en\/wp-json\/wp\/v2\/film\/49603\/revisions"}],"predecessor-version":[{"id":49682,"href":"https:\/\/www.sciencefictionfestival.org\/en\/wp-json\/wp\/v2\/film\/49603\/revisions\/49682"}],"wp:featuredmedia":[{"embeddable":true,"href":"https:\/\/www.sciencefictionfestival.org\/en\/wp-json\/wp\/v2\/media\/30574"}],"wp:attachment":[{"href":"https:\/\/www.sciencefictionfestival.org\/en\/wp-json\/wp\/v2\/media?parent=49603"}],"wp:term":[{"taxonomy":"category","embeddable":true,"href":"https:\/\/www.sciencefictionfestival.org\/en\/wp-json\/wp\/v2\/categories?post=49603"},{"taxonomy":"post_tag","embeddable":true,"href":"https:\/\/www.sciencefictionfestival.org\/en\/wp-json\/wp\/v2\/tags?post=49603"},{"taxonomy":"neon","embeddable":true,"href":"https:\/\/www.sciencefictionfestival.org\/en\/wp-json\/wp\/v2\/neon?post=49603"}],"curies":[{"name":"wp","href":"https:\/\/api.w.org\/{rel}","templated":true}]}}

<div class="wpb-content-wrapper"><p>[vc_row full_width=&#8221;stretch_row&#8221;][vc_column][vc_row_inner][vc_column_inner width=&#8221;1/3&#8243;][vc_column_text]</p>
<h5>Robin Campillo<br />
France 2004, 102&#8242;</h5>
<p>[/vc_column_text][/vc_column_inner][vc_column_inner width=&#8221;1/3&#8243;][/vc_column_inner][vc_column_inner width=&#8221;1/3&#8243;][vc_column_text el_id=&#8221;&#8221;]</p>
<h5><a href="https://www.sciencefictionfestival.org/archivio/tsff-2008/">2008_Voyage Fnatastique</a></h5>
<p>[/vc_column_text][/vc_column_inner][/vc_row_inner][vc_separator color=&#8221;black&#8221;][vc_row_inner][vc_column_inner width=&#8221;2/3&#8243; css=&#8221;.vc_custom_1710231564303{padding-right: 40px !important;}&#8221;][vc_column_text]I morti resuscitano in massa. Milioni di defunti in tutto il mondo lasciano i cimiteri diretti verso la città. L’esodo suggerisce un’unica fondamentale domanda: vivi e morti riusciranno a convivere?</p>
<hr />
<p>The dead have come back to life in droves. Throughout the world, thousands of the dead have left the cemeteries behind them and headed for the city. Their exodus gives rise to a fundamental question: just how can society accommodate all these people returning from the afterlife?[/vc_column_text][/vc_column_inner][vc_column_inner width=&#8221;1/3&#8243;][vc_column_text]</p>
<h5>Sceneggiatura_Screenplay<br />
<strong>Robin Campillo, Brigitte Tijou</strong><br />
Fotografia_Cinematography<br />
<strong>Jeanne Lapoirie</strong><br />
Montaggio_Editing<br />
<strong>Robin Campillo, Stephanie Leger</strong><br />
Musiche_Music<br />
<strong>Jocelyn Pook</strong><br />
Interpreti_Cast<br />
<strong>Géraldine Pailhas, Jonathan Zaccaï, Frédéric Pierrot, Victor Garrivier</strong><br />
Produttore_Producer<br />
<strong>Simon Arnal</strong></h5>
<p>[/vc_column_text][/vc_column_inner][/vc_row_inner][vc_separator color=&#8221;black&#8221; border_width=&#8221;2&#8243; css=&#8221;.vc_custom_1698237245454{margin-top: 30px !important;}&#8221;][vc_column_text]</p>
<h3 style="text-align: center;">2008 Festival Lineup</h3>
<p>[/vc_column_text][vc_separator color=&#8221;black&#8221; css=&#8221;.vc_custom_1698237228846{margin-top: -20px !important;}&#8221;][vc_basic_grid post_type=&#8221;film&#8221; max_items=&#8221;-1&#8243; style=&#8221;load-more&#8221; items_per_page=&#8221;8&#8243; element_width=&#8221;3&#8243; gap=&#8221;10&#8243; orderby=&#8221;rand&#8221; item=&#8221;43419&#8243; initial_loading_animation=&#8221;none&#8221; btn_title=&#8221;Vedi altri film&#8221; btn_style=&#8221;outline&#8221; btn_shape=&#8221;square&#8221; btn_color=&#8221;black&#8221; grid_id=&#8221;vc_gid:1714399079618-e4127449-c12d-0&#8243; taxonomies=&#8221;101&#8243;][/vc_column][/vc_row]</p>
</div>
