{"id":49080,"date":"2024-04-19T11:19:04","date_gmt":"2024-04-19T09:19:04","guid":{"rendered":"https:\/\/www.sciencefictionfestival.org\/film\/the-prodigies\/"},"modified":"2024-04-19T11:19:04","modified_gmt":"2024-04-19T09:19:04","slug":"the-prodigies","status":"publish","type":"film","link":"https:\/\/www.sciencefictionfestival.org\/en\/film\/the-prodigies\/","title":{"rendered":"The Prodigies"},"content":{"rendered":"<div class=\"wpb-content-wrapper\"><p>[vc_row full_width=&#8221;stretch_row&#8221;][vc_column][vc_row_inner][vc_column_inner width=&#8221;1\/3&#8243;][vc_column_text el_id=&#8221;&#8221;]<\/p>\n<h5>Antoine Charreyron<br \/>\nFrance 2010, 96&#8242;<\/h5>\n<p>[\/vc_column_text][\/vc_column_inner][vc_column_inner width=&#8221;1\/3&#8243;][\/vc_column_inner][vc_column_inner width=&#8221;1\/3&#8243;][vc_column_text el_id=&#8221;&#8221;]<\/p>\n<h5><a href=\"https:\/\/www.sciencefictionfestival.org\/archivio\/tsff-2011\/\">2011_Neon<\/a><\/h5>\n<p>[\/vc_column_text][\/vc_column_inner][\/vc_row_inner][vc_separator color=&#8221;black&#8221;][vc_row_inner][vc_column_inner width=&#8221;2\/3&#8243; css=&#8221;.vc_custom_1710231564303{padding-right: 40px !important;}&#8221;][vc_column_text el_id=&#8221;&#8221;]Jimbo Farrar \u00e8 un ragazzo speciale. Fortunatamente non \u00e8 il solo: condivide la sua singolarit\u00e0 con altri cinque giovani che possiedono poteri inimmaginabili per qualsiasi essere umano. Tutti loro si sono riuniti insieme a New York, ma la notte del loro incontro vengono assaliti a Central Park. A partire da questo momento, una sete di vendetta e distruzione invade gli altri cinque e Jimbo deve decidere se aderire o affrontare i suoi pari.<\/p>\n<hr \/>\n<p>Jimbo Farrar is a special boy. Fortunately, he\u2019s not alone, but shares his gift with five other young people who possess powers that are unimaginable to any human. They gather together in New York, but the night after their encounter, they are assaulted in Central Park. As of this moment, a thirst for vengeance and destruction invades the other five and Jimbo has to decide if he\u2019ll join them or confront his equals.[\/vc_column_text][\/vc_column_inner][vc_column_inner width=&#8221;1\/3&#8243;][vc_column_text el_id=&#8221;&#8221;]<\/p>\n<h5>Sceneggiatura_Screenplay<br \/>\n<strong>Alexandre de la Patelli\u00e8re, Matthieu Delaporte<\/strong><br \/>\nFotografia_Cinematography<br \/>\n<strong>Tarik Hamdine<\/strong><br \/>\nMontaggio_Editing<br \/>\n<strong>Benjamin Weill, Vincent Tabaillon, S\u00e9bastien Prang\u00e8re<\/strong><br \/>\nMusiche_Music<br \/>\n<strong>Klaus Badelt<\/strong><br \/>\nDistribuzione_Distribution<br \/>\n<strong>Kinology<\/strong><br \/>\nSito ufficiale_Offcial website<br \/>\n<strong>theprodigies-lefilm.com<\/strong><\/h5>\n<p>[\/vc_column_text][\/vc_column_inner][\/vc_row_inner][vc_separator color=&#8221;black&#8221; border_width=&#8221;2&#8243; css=&#8221;.vc_custom_1698237245454{margin-top: 30px !important;}&#8221;][vc_column_text el_id=&#8221;&#8221;]<\/p>\n<h3 style=\"text-align: center;\">2011\u00a0Festival Lineup<\/h3>\n<p>[\/vc_column_text][vc_separator color=&#8221;black&#8221; css=&#8221;.vc_custom_1698237228846{margin-top: -20px !important;}&#8221;][vc_basic_grid post_type=&#8221;film&#8221; max_items=&#8221;-1&#8243; style=&#8221;load-more&#8221; items_per_page=&#8221;8&#8243; element_width=&#8221;3&#8243; gap=&#8221;10&#8243; orderby=&#8221;rand&#8221; item=&#8221;43419&#8243; initial_loading_animation=&#8221;none&#8221; btn_title=&#8221;Vedi altri film&#8221; btn_style=&#8221;outline&#8221; btn_shape=&#8221;square&#8221; btn_color=&#8221;black&#8221; grid_id=&#8221;vc_gid:1713518141162-5f50cf34-de9e-9&#8243; taxonomies=&#8221;129&#8243; el_id=&#8221;&#8221; btn_el_id=&#8221;&#8221;][\/vc_column][\/vc_row]<\/p>\n<\/div>","protected":false},"excerpt":{"rendered":"<h5>Antoine Charreyron <br \/>\nFrance 2010, 96&#8242;<br \/>\n&#8211;<br \/>\n2011 Neon<\/h5>\n<p> <a class=\"g1-link g1-link-more\" href=\"https:\/\/www.sciencefictionfestival.org\/en\/film\/the-prodigies\/\">More<\/a><\/p>\n","protected":false},"author":1,"featured_media":29586,"menu_order":0,"template":"","format":"standard","meta":{"cybocfi_hide_featured_image":"","footnotes":""},"categories":[],"tags":[],"neon":[245],"class_list":{"0":"post-49080","1":"film","2":"type-film","3":"status-publish","4":"format-standard","5":"has-post-thumbnail","7":"neon-neon-2011"},"yoast_head":"<!-- This site is optimized with the Yoast SEO plugin v27.1.1 - https:\/\/yoast.com\/product\/yoast-seo-wordpress\/ -->\n<title>The Prodigies - Trieste Science+Fiction Festival<\/title>\n<meta name=\"robots\" content=\"index, follow, max-snippet:-1, max-image-preview:large, max-video-preview:-1\" \/>\n<link rel=\"canonical\" href=\"https:\/\/www.sciencefictionfestival.org\/film\/the-prodigies-antoine-charreyron\/\" \/>\n<meta property=\"og:locale\" content=\"en_US\" \/>\n<meta property=\"og:type\" content=\"article\" \/>\n<meta property=\"og:title\" content=\"The Prodigies - Trieste Science+Fiction Festival\" \/>\n<meta property=\"og:description\" content=\"Antoine Charreyron  France 2010, 96&#039; - 2011 Neon More\" \/>\n<meta property=\"og:url\" content=\"https:\/\/www.sciencefictionfestival.org\/film\/the-prodigies-antoine-charreyron\/\" \/>\n<meta property=\"og:site_name\" content=\"Trieste Science+Fiction Festival\" \/>\n<meta property=\"og:image\" content=\"https:\/\/www.sciencefictionfestival.org\/wp-content\/uploads\/2021\/08\/The-Prodigies.jpg\" \/>\n\t<meta property=\"og:image:width\" content=\"1000\" \/>\n\t<meta property=\"og:image:height\" content=\"562\" \/>\n\t<meta property=\"og:image:type\" content=\"image\/jpeg\" \/>\n<meta name=\"twitter:card\" content=\"summary_large_image\" \/>\n<meta name=\"twitter:label1\" content=\"Est. reading time\" \/>\n\t<meta name=\"twitter:data1\" content=\"2 minutes\" \/>\n<script type=\"application\/ld+json\" class=\"yoast-schema-graph\">{\"@context\":\"https:\/\/schema.org\",\"@graph\":[{\"@type\":\"WebPage\",\"@id\":\"https:\/\/www.sciencefictionfestival.org\/film\/the-prodigies-antoine-charreyron\/\",\"url\":\"https:\/\/www.sciencefictionfestival.org\/film\/the-prodigies-antoine-charreyron\/\",\"name\":\"The Prodigies - Trieste Science+Fiction Festival\",\"isPartOf\":{\"@id\":\"https:\/\/www.sciencefictionfestival.org\/#website\"},\"primaryImageOfPage\":{\"@id\":\"https:\/\/www.sciencefictionfestival.org\/film\/the-prodigies-antoine-charreyron\/#primaryimage\"},\"image\":{\"@id\":\"https:\/\/www.sciencefictionfestival.org\/film\/the-prodigies-antoine-charreyron\/#primaryimage\"},\"thumbnailUrl\":\"https:\/\/sfft.noiza-assets.eu\/sfft\/2021\/08\/The-Prodigies.jpg\",\"datePublished\":\"2024-04-19T09:19:04+00:00\",\"breadcrumb\":{\"@id\":\"https:\/\/www.sciencefictionfestival.org\/film\/the-prodigies-antoine-charreyron\/#breadcrumb\"},\"inLanguage\":\"en-US\",\"potentialAction\":[{\"@type\":\"ReadAction\",\"target\":[\"https:\/\/www.sciencefictionfestival.org\/film\/the-prodigies-antoine-charreyron\/\"]}]},{\"@type\":\"ImageObject\",\"inLanguage\":\"en-US\",\"@id\":\"https:\/\/www.sciencefictionfestival.org\/film\/the-prodigies-antoine-charreyron\/#primaryimage\",\"url\":\"https:\/\/sfft.noiza-assets.eu\/sfft\/2021\/08\/The-Prodigies.jpg\",\"contentUrl\":\"https:\/\/sfft.noiza-assets.eu\/sfft\/2021\/08\/The-Prodigies.jpg\",\"width\":1000,\"height\":562},{\"@type\":\"BreadcrumbList\",\"@id\":\"https:\/\/www.sciencefictionfestival.org\/film\/the-prodigies-antoine-charreyron\/#breadcrumb\",\"itemListElement\":[{\"@type\":\"ListItem\",\"position\":1,\"name\":\"Home\",\"item\":\"https:\/\/www.sciencefictionfestival.org\/en\/\"},{\"@type\":\"ListItem\",\"position\":2,\"name\":\"Film\",\"item\":\"https:\/\/www.sciencefictionfestival.org\/film\/\"},{\"@type\":\"ListItem\",\"position\":3,\"name\":\"The Prodigies\"}]},{\"@type\":\"WebSite\",\"@id\":\"https:\/\/www.sciencefictionfestival.org\/#website\",\"url\":\"https:\/\/www.sciencefictionfestival.org\/\",\"name\":\"Trieste Science+Fiction Festival\",\"description\":\"Festival della Fantascienza di Trieste\",\"potentialAction\":[{\"@type\":\"SearchAction\",\"target\":{\"@type\":\"EntryPoint\",\"urlTemplate\":\"https:\/\/www.sciencefictionfestival.org\/?s={search_term_string}\"},\"query-input\":{\"@type\":\"PropertyValueSpecification\",\"valueRequired\":true,\"valueName\":\"search_term_string\"}}],\"inLanguage\":\"en-US\"}]}<\/script>\n<!-- \/ Yoast SEO plugin. -->","yoast_head_json":{"title":"The Prodigies - Trieste Science+Fiction Festival","robots":{"index":"index","follow":"follow","max-snippet":"max-snippet:-1","max-image-preview":"max-image-preview:large","max-video-preview":"max-video-preview:-1"},"canonical":"https:\/\/www.sciencefictionfestival.org\/film\/the-prodigies-antoine-charreyron\/","og_locale":"en_US","og_type":"article","og_title":"The Prodigies - Trieste Science+Fiction Festival","og_description":"Antoine Charreyron  France 2010, 96' - 2011 Neon More","og_url":"https:\/\/www.sciencefictionfestival.org\/film\/the-prodigies-antoine-charreyron\/","og_site_name":"Trieste Science+Fiction Festival","og_image":[{"width":1000,"height":562,"url":"https:\/\/www.sciencefictionfestival.org\/wp-content\/uploads\/2021\/08\/The-Prodigies.jpg","type":"image\/jpeg"}],"twitter_card":"summary_large_image","twitter_misc":{"Est. reading time":"2 minutes"},"schema":{"@context":"https:\/\/schema.org","@graph":[{"@type":"WebPage","@id":"https:\/\/www.sciencefictionfestival.org\/film\/the-prodigies-antoine-charreyron\/","url":"https:\/\/www.sciencefictionfestival.org\/film\/the-prodigies-antoine-charreyron\/","name":"The Prodigies - Trieste Science+Fiction Festival","isPartOf":{"@id":"https:\/\/www.sciencefictionfestival.org\/#website"},"primaryImageOfPage":{"@id":"https:\/\/www.sciencefictionfestival.org\/film\/the-prodigies-antoine-charreyron\/#primaryimage"},"image":{"@id":"https:\/\/www.sciencefictionfestival.org\/film\/the-prodigies-antoine-charreyron\/#primaryimage"},"thumbnailUrl":"https:\/\/sfft.noiza-assets.eu\/sfft\/2021\/08\/The-Prodigies.jpg","datePublished":"2024-04-19T09:19:04+00:00","breadcrumb":{"@id":"https:\/\/www.sciencefictionfestival.org\/film\/the-prodigies-antoine-charreyron\/#breadcrumb"},"inLanguage":"en-US","potentialAction":[{"@type":"ReadAction","target":["https:\/\/www.sciencefictionfestival.org\/film\/the-prodigies-antoine-charreyron\/"]}]},{"@type":"ImageObject","inLanguage":"en-US","@id":"https:\/\/www.sciencefictionfestival.org\/film\/the-prodigies-antoine-charreyron\/#primaryimage","url":"https:\/\/sfft.noiza-assets.eu\/sfft\/2021\/08\/The-Prodigies.jpg","contentUrl":"https:\/\/sfft.noiza-assets.eu\/sfft\/2021\/08\/The-Prodigies.jpg","width":1000,"height":562},{"@type":"BreadcrumbList","@id":"https:\/\/www.sciencefictionfestival.org\/film\/the-prodigies-antoine-charreyron\/#breadcrumb","itemListElement":[{"@type":"ListItem","position":1,"name":"Home","item":"https:\/\/www.sciencefictionfestival.org\/en\/"},{"@type":"ListItem","position":2,"name":"Film","item":"https:\/\/www.sciencefictionfestival.org\/film\/"},{"@type":"ListItem","position":3,"name":"The Prodigies"}]},{"@type":"WebSite","@id":"https:\/\/www.sciencefictionfestival.org\/#website","url":"https:\/\/www.sciencefictionfestival.org\/","name":"Trieste Science+Fiction Festival","description":"Festival della Fantascienza di Trieste","potentialAction":[{"@type":"SearchAction","target":{"@type":"EntryPoint","urlTemplate":"https:\/\/www.sciencefictionfestival.org\/?s={search_term_string}"},"query-input":{"@type":"PropertyValueSpecification","valueRequired":true,"valueName":"search_term_string"}}],"inLanguage":"en-US"}]}},"_links":{"self":[{"href":"https:\/\/www.sciencefictionfestival.org\/en\/wp-json\/wp\/v2\/film\/49080","targetHints":{"allow":["GET"]}}],"collection":[{"href":"https:\/\/www.sciencefictionfestival.org\/en\/wp-json\/wp\/v2\/film"}],"about":[{"href":"https:\/\/www.sciencefictionfestival.org\/en\/wp-json\/wp\/v2\/types\/film"}],"author":[{"embeddable":true,"href":"https:\/\/www.sciencefictionfestival.org\/en\/wp-json\/wp\/v2\/users\/1"}],"version-history":[{"count":0,"href":"https:\/\/www.sciencefictionfestival.org\/en\/wp-json\/wp\/v2\/film\/49080\/revisions"}],"wp:featuredmedia":[{"embeddable":true,"href":"https:\/\/www.sciencefictionfestival.org\/en\/wp-json\/wp\/v2\/media\/29586"}],"wp:attachment":[{"href":"https:\/\/www.sciencefictionfestival.org\/en\/wp-json\/wp\/v2\/media?parent=49080"}],"wp:term":[{"taxonomy":"category","embeddable":true,"href":"https:\/\/www.sciencefictionfestival.org\/en\/wp-json\/wp\/v2\/categories?post=49080"},{"taxonomy":"post_tag","embeddable":true,"href":"https:\/\/www.sciencefictionfestival.org\/en\/wp-json\/wp\/v2\/tags?post=49080"},{"taxonomy":"neon","embeddable":true,"href":"https:\/\/www.sciencefictionfestival.org\/en\/wp-json\/wp\/v2\/neon?post=49080"}],"curies":[{"name":"wp","href":"https:\/\/api.w.org\/{rel}","templated":true}]}}

<div class="wpb-content-wrapper"><p>[vc_row full_width=&#8221;stretch_row&#8221;][vc_column][vc_row_inner][vc_column_inner width=&#8221;1/3&#8243;][vc_column_text el_id=&#8221;&#8221;]</p>
<h5>Antoine Charreyron<br />
France 2010, 96&#8242;</h5>
<p>[/vc_column_text][/vc_column_inner][vc_column_inner width=&#8221;1/3&#8243;][/vc_column_inner][vc_column_inner width=&#8221;1/3&#8243;][vc_column_text el_id=&#8221;&#8221;]</p>
<h5><a href="https://www.sciencefictionfestival.org/archivio/tsff-2011/">2011_Neon</a></h5>
<p>[/vc_column_text][/vc_column_inner][/vc_row_inner][vc_separator color=&#8221;black&#8221;][vc_row_inner][vc_column_inner width=&#8221;2/3&#8243; css=&#8221;.vc_custom_1710231564303{padding-right: 40px !important;}&#8221;][vc_column_text el_id=&#8221;&#8221;]Jimbo Farrar è un ragazzo speciale. Fortunatamente non è il solo: condivide la sua singolarità con altri cinque giovani che possiedono poteri inimmaginabili per qualsiasi essere umano. Tutti loro si sono riuniti insieme a New York, ma la notte del loro incontro vengono assaliti a Central Park. A partire da questo momento, una sete di vendetta e distruzione invade gli altri cinque e Jimbo deve decidere se aderire o affrontare i suoi pari.</p>
<hr />
<p>Jimbo Farrar is a special boy. Fortunately, he’s not alone, but shares his gift with five other young people who possess powers that are unimaginable to any human. They gather together in New York, but the night after their encounter, they are assaulted in Central Park. As of this moment, a thirst for vengeance and destruction invades the other five and Jimbo has to decide if he’ll join them or confront his equals.[/vc_column_text][/vc_column_inner][vc_column_inner width=&#8221;1/3&#8243;][vc_column_text el_id=&#8221;&#8221;]</p>
<h5>Sceneggiatura_Screenplay<br />
<strong>Alexandre de la Patellière, Matthieu Delaporte</strong><br />
Fotografia_Cinematography<br />
<strong>Tarik Hamdine</strong><br />
Montaggio_Editing<br />
<strong>Benjamin Weill, Vincent Tabaillon, Sébastien Prangère</strong><br />
Musiche_Music<br />
<strong>Klaus Badelt</strong><br />
Distribuzione_Distribution<br />
<strong>Kinology</strong><br />
Sito ufficiale_Offcial website<br />
<strong>theprodigies-lefilm.com</strong></h5>
<p>[/vc_column_text][/vc_column_inner][/vc_row_inner][vc_separator color=&#8221;black&#8221; border_width=&#8221;2&#8243; css=&#8221;.vc_custom_1698237245454{margin-top: 30px !important;}&#8221;][vc_column_text el_id=&#8221;&#8221;]</p>
<h3 style="text-align: center;">2011 Festival Lineup</h3>
<p>[/vc_column_text][vc_separator color=&#8221;black&#8221; css=&#8221;.vc_custom_1698237228846{margin-top: -20px !important;}&#8221;][vc_basic_grid post_type=&#8221;film&#8221; max_items=&#8221;-1&#8243; style=&#8221;load-more&#8221; items_per_page=&#8221;8&#8243; element_width=&#8221;3&#8243; gap=&#8221;10&#8243; orderby=&#8221;rand&#8221; item=&#8221;43419&#8243; initial_loading_animation=&#8221;none&#8221; btn_title=&#8221;Vedi altri film&#8221; btn_style=&#8221;outline&#8221; btn_shape=&#8221;square&#8221; btn_color=&#8221;black&#8221; grid_id=&#8221;vc_gid:1713518141162-5f50cf34-de9e-9&#8243; taxonomies=&#8221;129&#8243; el_id=&#8221;&#8221; btn_el_id=&#8221;&#8221;][/vc_column][/vc_row]</p>
</div>
