{"id":49059,"date":"2024-04-19T10:01:21","date_gmt":"2024-04-19T08:01:21","guid":{"rendered":"https:\/\/www.sciencefictionfestival.org\/film\/larrivo-di-wang\/"},"modified":"2024-04-19T10:01:21","modified_gmt":"2024-04-19T08:01:21","slug":"larrivo-di-wang","status":"publish","type":"film","link":"https:\/\/www.sciencefictionfestival.org\/en\/film\/larrivo-di-wang\/","title":{"rendered":"L&#8217;arrivo di Wang"},"content":{"rendered":"<div class=\"wpb-content-wrapper\"><p>[vc_row full_width=&#8221;stretch_row&#8221;][vc_column][vc_row_inner][vc_column_inner width=&#8221;1\/3&#8243;][vc_column_text el_id=&#8221;&#8221;]<\/p>\n<h5>Antonio e Marco Manetti<br \/>\nItaly 2011, 82&#8242;<\/h5>\n<p>[\/vc_column_text][\/vc_column_inner][vc_column_inner width=&#8221;1\/3&#8243;][\/vc_column_inner][vc_column_inner width=&#8221;1\/3&#8243;][vc_column_text el_id=&#8221;&#8221;]<\/p>\n<h5><a href=\"https:\/\/www.sciencefictionfestival.org\/archivio\/tsff-2011\/\">2011_Neon<\/a><\/h5>\n<p>[\/vc_column_text][\/vc_column_inner][\/vc_row_inner][vc_separator color=&#8221;black&#8221;][vc_row_inner][vc_column_inner width=&#8221;2\/3&#8243; css=&#8221;.vc_custom_1710231564303{padding-right: 40px !important;}&#8221;][vc_column_text el_id=&#8221;&#8221;]Gaia, un\u2019interprete di cinese, viene chiamata per una traduzione urgentissima e segretissima. Si trover\u00e0 di fronte Curti, un agente privo di scrupoli, che deve interrogare un fantomatico signor Wang. Ma, per la segretezza, l\u2019interrogatorio avviene al buio e Gaia non riesce a tradurre bene. Quando la luce viene accesa Gaia scopre perch\u00e9 l\u2019identit\u00e0 del signor Wang veniva tenuta segreta. Davanti a lei si trover\u00e0 un essere proveniente da un altro mondo. Un incontro che cambier\u00e0 per sempre la sua vita e quella di tutto il pianeta.<br \/>\nI Manetti bros. si distinguono nel panorama cinematografico italiano attuale per il loro amore per i film di genere. Hanno diretto i lungometraggi: De Generazione, Torino Boys, Zora la vampira, Piano 17. Inoltre \u00e8 loro la regia di varie serie tv tra cui L&#8217;ispettore Coliandro, Crimini e numerosi videoclip di apprezzati cantanti italiani.<\/p>\n<hr \/>\n<p>Gaia, an interpreter of Chinese, is called to carry out an extremely urgent and secret translation. She finds herself before Curti, an unscrupulous agent, who has to interrogate the elusive and mysterious Mr Wang. But the secrecy of the interrogation takes place in the dark and Gaia is not able to translate well. When the lights are finally turned on, Gaia finds out why the identity of Mr Wang had been kept secret. In front of her is a being who has come from another world. A meeting which will change her life forever. As well as the planet\u2019s.<br \/>\nThe Manetti bros. are known in Italian cinema for their love of genre films. They had directed feature-leight films, including De Generazione, Torino Boys, Zora la vampira, Piano 17. They also directed L&#8217;ispettore Coliandro, several episodes of the television series Crimini and many video clips for famous Italian singers.[\/vc_column_text][\/vc_column_inner][vc_column_inner width=&#8221;1\/3&#8243;][vc_column_text el_id=&#8221;&#8221;]<\/p>\n<h5>Sceneggiatura_Screenplay<br \/>\n<strong>Antonio Manetti e Marco Manetti<\/strong><br \/>\nFotografia_Cinematography<br \/>\n<strong>Alessandro Chiodo<\/strong><br \/>\nMontaggio_Editing<br \/>\n<strong>Federico Maneschi<\/strong><br \/>\nMusiche_Music<br \/>\n<strong>Aldo De Scalzi, Pivio<\/strong><br \/>\nInterpreti_Cast<br \/>\n<strong>Ennio Fantastichini, Francesca Cuttica, Li Yong, Juliet Esey Joseph, Antonello Morroni<\/strong><\/h5>\n<p>[\/vc_column_text][\/vc_column_inner][\/vc_row_inner][vc_separator color=&#8221;black&#8221; border_width=&#8221;2&#8243; css=&#8221;.vc_custom_1698237245454{margin-top: 30px !important;}&#8221;][vc_column_text el_id=&#8221;&#8221;]<\/p>\n<h3 style=\"text-align: center;\">2011 Festival Lineup<\/h3>\n<p>[\/vc_column_text][vc_separator color=&#8221;black&#8221; css=&#8221;.vc_custom_1698237228846{margin-top: -20px !important;}&#8221;][vc_basic_grid post_type=&#8221;film&#8221; max_items=&#8221;-1&#8243; style=&#8221;load-more&#8221; items_per_page=&#8221;8&#8243; element_width=&#8221;3&#8243; gap=&#8221;10&#8243; orderby=&#8221;rand&#8221; item=&#8221;43419&#8243; initial_loading_animation=&#8221;none&#8221; btn_title=&#8221;Vedi altri film&#8221; btn_style=&#8221;outline&#8221; btn_shape=&#8221;square&#8221; btn_color=&#8221;black&#8221; grid_id=&#8221;vc_gid:1713513420677-5d7308ca-f014-1&#8243; taxonomies=&#8221;129&#8243; el_id=&#8221;&#8221; btn_el_id=&#8221;&#8221;][\/vc_column][\/vc_row]<\/p>\n<\/div>","protected":false},"excerpt":{"rendered":"<h5>Antonio e Marco Manetti <br \/>\nItaly 2011, 82&#8242; <br \/>\n&#8211; <br \/>\n2011 Neon<\/h5>\n<p> <a class=\"g1-link g1-link-more\" href=\"https:\/\/www.sciencefictionfestival.org\/en\/film\/larrivo-di-wang\/\">More<\/a><\/p>\n","protected":false},"author":1,"featured_media":29555,"menu_order":0,"template":"","format":"standard","meta":{"cybocfi_hide_featured_image":"","footnotes":""},"categories":[],"tags":[],"neon":[245],"class_list":{"0":"post-49059","1":"film","2":"type-film","3":"status-publish","4":"format-standard","5":"has-post-thumbnail","7":"neon-neon-2011"},"yoast_head":"<!-- This site is optimized with the Yoast SEO plugin v27.1.1 - https:\/\/yoast.com\/product\/yoast-seo-wordpress\/ -->\n<title>L&#039;arrivo di Wang - Trieste Science+Fiction Festival<\/title>\n<meta name=\"robots\" content=\"index, follow, max-snippet:-1, max-image-preview:large, max-video-preview:-1\" \/>\n<link rel=\"canonical\" href=\"https:\/\/www.sciencefictionfestival.org\/film\/larrivo-di-wang-antonio-e-marco-manetti\/\" \/>\n<meta property=\"og:locale\" content=\"en_US\" \/>\n<meta property=\"og:type\" content=\"article\" \/>\n<meta property=\"og:title\" content=\"L&#039;arrivo di Wang - Trieste Science+Fiction Festival\" \/>\n<meta property=\"og:description\" content=\"Antonio e Marco Manetti  Italy 2011, 82&#039;  -  2011 Neon More\" \/>\n<meta property=\"og:url\" content=\"https:\/\/www.sciencefictionfestival.org\/film\/larrivo-di-wang-antonio-e-marco-manetti\/\" \/>\n<meta property=\"og:site_name\" content=\"Trieste Science+Fiction Festival\" \/>\n<meta property=\"og:image\" content=\"https:\/\/www.sciencefictionfestival.org\/wp-content\/uploads\/2021\/08\/Larrivo-di-Wang.jpg\" \/>\n\t<meta property=\"og:image:width\" content=\"1000\" \/>\n\t<meta property=\"og:image:height\" content=\"562\" \/>\n\t<meta property=\"og:image:type\" content=\"image\/jpeg\" \/>\n<meta name=\"twitter:card\" content=\"summary_large_image\" \/>\n<meta name=\"twitter:label1\" content=\"Est. reading time\" \/>\n\t<meta name=\"twitter:data1\" content=\"3 minutes\" \/>\n<script type=\"application\/ld+json\" class=\"yoast-schema-graph\">{\"@context\":\"https:\/\/schema.org\",\"@graph\":[{\"@type\":\"WebPage\",\"@id\":\"https:\/\/www.sciencefictionfestival.org\/film\/larrivo-di-wang-antonio-e-marco-manetti\/\",\"url\":\"https:\/\/www.sciencefictionfestival.org\/film\/larrivo-di-wang-antonio-e-marco-manetti\/\",\"name\":\"L'arrivo di Wang - Trieste Science+Fiction Festival\",\"isPartOf\":{\"@id\":\"https:\/\/www.sciencefictionfestival.org\/#website\"},\"primaryImageOfPage\":{\"@id\":\"https:\/\/www.sciencefictionfestival.org\/film\/larrivo-di-wang-antonio-e-marco-manetti\/#primaryimage\"},\"image\":{\"@id\":\"https:\/\/www.sciencefictionfestival.org\/film\/larrivo-di-wang-antonio-e-marco-manetti\/#primaryimage\"},\"thumbnailUrl\":\"https:\/\/sfft.noiza-assets.eu\/sfft\/2021\/08\/Larrivo-di-Wang.jpg\",\"datePublished\":\"2024-04-19T08:01:21+00:00\",\"breadcrumb\":{\"@id\":\"https:\/\/www.sciencefictionfestival.org\/film\/larrivo-di-wang-antonio-e-marco-manetti\/#breadcrumb\"},\"inLanguage\":\"en-US\",\"potentialAction\":[{\"@type\":\"ReadAction\",\"target\":[\"https:\/\/www.sciencefictionfestival.org\/film\/larrivo-di-wang-antonio-e-marco-manetti\/\"]}]},{\"@type\":\"ImageObject\",\"inLanguage\":\"en-US\",\"@id\":\"https:\/\/www.sciencefictionfestival.org\/film\/larrivo-di-wang-antonio-e-marco-manetti\/#primaryimage\",\"url\":\"https:\/\/sfft.noiza-assets.eu\/sfft\/2021\/08\/Larrivo-di-Wang.jpg\",\"contentUrl\":\"https:\/\/sfft.noiza-assets.eu\/sfft\/2021\/08\/Larrivo-di-Wang.jpg\",\"width\":1000,\"height\":562},{\"@type\":\"BreadcrumbList\",\"@id\":\"https:\/\/www.sciencefictionfestival.org\/film\/larrivo-di-wang-antonio-e-marco-manetti\/#breadcrumb\",\"itemListElement\":[{\"@type\":\"ListItem\",\"position\":1,\"name\":\"Home\",\"item\":\"https:\/\/www.sciencefictionfestival.org\/en\/\"},{\"@type\":\"ListItem\",\"position\":2,\"name\":\"Film\",\"item\":\"https:\/\/www.sciencefictionfestival.org\/film\/\"},{\"@type\":\"ListItem\",\"position\":3,\"name\":\"L&#8217;arrivo di Wang\"}]},{\"@type\":\"WebSite\",\"@id\":\"https:\/\/www.sciencefictionfestival.org\/#website\",\"url\":\"https:\/\/www.sciencefictionfestival.org\/\",\"name\":\"Trieste Science+Fiction Festival\",\"description\":\"Festival della Fantascienza di Trieste\",\"potentialAction\":[{\"@type\":\"SearchAction\",\"target\":{\"@type\":\"EntryPoint\",\"urlTemplate\":\"https:\/\/www.sciencefictionfestival.org\/?s={search_term_string}\"},\"query-input\":{\"@type\":\"PropertyValueSpecification\",\"valueRequired\":true,\"valueName\":\"search_term_string\"}}],\"inLanguage\":\"en-US\"}]}<\/script>\n<!-- \/ Yoast SEO plugin. -->","yoast_head_json":{"title":"L'arrivo di Wang - Trieste Science+Fiction Festival","robots":{"index":"index","follow":"follow","max-snippet":"max-snippet:-1","max-image-preview":"max-image-preview:large","max-video-preview":"max-video-preview:-1"},"canonical":"https:\/\/www.sciencefictionfestival.org\/film\/larrivo-di-wang-antonio-e-marco-manetti\/","og_locale":"en_US","og_type":"article","og_title":"L'arrivo di Wang - Trieste Science+Fiction Festival","og_description":"Antonio e Marco Manetti  Italy 2011, 82'  -  2011 Neon More","og_url":"https:\/\/www.sciencefictionfestival.org\/film\/larrivo-di-wang-antonio-e-marco-manetti\/","og_site_name":"Trieste Science+Fiction Festival","og_image":[{"width":1000,"height":562,"url":"https:\/\/www.sciencefictionfestival.org\/wp-content\/uploads\/2021\/08\/Larrivo-di-Wang.jpg","type":"image\/jpeg"}],"twitter_card":"summary_large_image","twitter_misc":{"Est. reading time":"3 minutes"},"schema":{"@context":"https:\/\/schema.org","@graph":[{"@type":"WebPage","@id":"https:\/\/www.sciencefictionfestival.org\/film\/larrivo-di-wang-antonio-e-marco-manetti\/","url":"https:\/\/www.sciencefictionfestival.org\/film\/larrivo-di-wang-antonio-e-marco-manetti\/","name":"L'arrivo di Wang - Trieste Science+Fiction Festival","isPartOf":{"@id":"https:\/\/www.sciencefictionfestival.org\/#website"},"primaryImageOfPage":{"@id":"https:\/\/www.sciencefictionfestival.org\/film\/larrivo-di-wang-antonio-e-marco-manetti\/#primaryimage"},"image":{"@id":"https:\/\/www.sciencefictionfestival.org\/film\/larrivo-di-wang-antonio-e-marco-manetti\/#primaryimage"},"thumbnailUrl":"https:\/\/sfft.noiza-assets.eu\/sfft\/2021\/08\/Larrivo-di-Wang.jpg","datePublished":"2024-04-19T08:01:21+00:00","breadcrumb":{"@id":"https:\/\/www.sciencefictionfestival.org\/film\/larrivo-di-wang-antonio-e-marco-manetti\/#breadcrumb"},"inLanguage":"en-US","potentialAction":[{"@type":"ReadAction","target":["https:\/\/www.sciencefictionfestival.org\/film\/larrivo-di-wang-antonio-e-marco-manetti\/"]}]},{"@type":"ImageObject","inLanguage":"en-US","@id":"https:\/\/www.sciencefictionfestival.org\/film\/larrivo-di-wang-antonio-e-marco-manetti\/#primaryimage","url":"https:\/\/sfft.noiza-assets.eu\/sfft\/2021\/08\/Larrivo-di-Wang.jpg","contentUrl":"https:\/\/sfft.noiza-assets.eu\/sfft\/2021\/08\/Larrivo-di-Wang.jpg","width":1000,"height":562},{"@type":"BreadcrumbList","@id":"https:\/\/www.sciencefictionfestival.org\/film\/larrivo-di-wang-antonio-e-marco-manetti\/#breadcrumb","itemListElement":[{"@type":"ListItem","position":1,"name":"Home","item":"https:\/\/www.sciencefictionfestival.org\/en\/"},{"@type":"ListItem","position":2,"name":"Film","item":"https:\/\/www.sciencefictionfestival.org\/film\/"},{"@type":"ListItem","position":3,"name":"L&#8217;arrivo di Wang"}]},{"@type":"WebSite","@id":"https:\/\/www.sciencefictionfestival.org\/#website","url":"https:\/\/www.sciencefictionfestival.org\/","name":"Trieste Science+Fiction Festival","description":"Festival della Fantascienza di Trieste","potentialAction":[{"@type":"SearchAction","target":{"@type":"EntryPoint","urlTemplate":"https:\/\/www.sciencefictionfestival.org\/?s={search_term_string}"},"query-input":{"@type":"PropertyValueSpecification","valueRequired":true,"valueName":"search_term_string"}}],"inLanguage":"en-US"}]}},"_links":{"self":[{"href":"https:\/\/www.sciencefictionfestival.org\/en\/wp-json\/wp\/v2\/film\/49059","targetHints":{"allow":["GET"]}}],"collection":[{"href":"https:\/\/www.sciencefictionfestival.org\/en\/wp-json\/wp\/v2\/film"}],"about":[{"href":"https:\/\/www.sciencefictionfestival.org\/en\/wp-json\/wp\/v2\/types\/film"}],"author":[{"embeddable":true,"href":"https:\/\/www.sciencefictionfestival.org\/en\/wp-json\/wp\/v2\/users\/1"}],"version-history":[{"count":0,"href":"https:\/\/www.sciencefictionfestival.org\/en\/wp-json\/wp\/v2\/film\/49059\/revisions"}],"wp:featuredmedia":[{"embeddable":true,"href":"https:\/\/www.sciencefictionfestival.org\/en\/wp-json\/wp\/v2\/media\/29555"}],"wp:attachment":[{"href":"https:\/\/www.sciencefictionfestival.org\/en\/wp-json\/wp\/v2\/media?parent=49059"}],"wp:term":[{"taxonomy":"category","embeddable":true,"href":"https:\/\/www.sciencefictionfestival.org\/en\/wp-json\/wp\/v2\/categories?post=49059"},{"taxonomy":"post_tag","embeddable":true,"href":"https:\/\/www.sciencefictionfestival.org\/en\/wp-json\/wp\/v2\/tags?post=49059"},{"taxonomy":"neon","embeddable":true,"href":"https:\/\/www.sciencefictionfestival.org\/en\/wp-json\/wp\/v2\/neon?post=49059"}],"curies":[{"name":"wp","href":"https:\/\/api.w.org\/{rel}","templated":true}]}}

<div class="wpb-content-wrapper"><p>[vc_row full_width=&#8221;stretch_row&#8221;][vc_column][vc_row_inner][vc_column_inner width=&#8221;1/3&#8243;][vc_column_text el_id=&#8221;&#8221;]</p>
<h5>Antonio e Marco Manetti<br />
Italy 2011, 82&#8242;</h5>
<p>[/vc_column_text][/vc_column_inner][vc_column_inner width=&#8221;1/3&#8243;][/vc_column_inner][vc_column_inner width=&#8221;1/3&#8243;][vc_column_text el_id=&#8221;&#8221;]</p>
<h5><a href="https://www.sciencefictionfestival.org/archivio/tsff-2011/">2011_Neon</a></h5>
<p>[/vc_column_text][/vc_column_inner][/vc_row_inner][vc_separator color=&#8221;black&#8221;][vc_row_inner][vc_column_inner width=&#8221;2/3&#8243; css=&#8221;.vc_custom_1710231564303{padding-right: 40px !important;}&#8221;][vc_column_text el_id=&#8221;&#8221;]Gaia, un’interprete di cinese, viene chiamata per una traduzione urgentissima e segretissima. Si troverà di fronte Curti, un agente privo di scrupoli, che deve interrogare un fantomatico signor Wang. Ma, per la segretezza, l’interrogatorio avviene al buio e Gaia non riesce a tradurre bene. Quando la luce viene accesa Gaia scopre perché l’identità del signor Wang veniva tenuta segreta. Davanti a lei si troverà un essere proveniente da un altro mondo. Un incontro che cambierà per sempre la sua vita e quella di tutto il pianeta.<br />
I Manetti bros. si distinguono nel panorama cinematografico italiano attuale per il loro amore per i film di genere. Hanno diretto i lungometraggi: De Generazione, Torino Boys, Zora la vampira, Piano 17. Inoltre è loro la regia di varie serie tv tra cui L&#8217;ispettore Coliandro, Crimini e numerosi videoclip di apprezzati cantanti italiani.</p>
<hr />
<p>Gaia, an interpreter of Chinese, is called to carry out an extremely urgent and secret translation. She finds herself before Curti, an unscrupulous agent, who has to interrogate the elusive and mysterious Mr Wang. But the secrecy of the interrogation takes place in the dark and Gaia is not able to translate well. When the lights are finally turned on, Gaia finds out why the identity of Mr Wang had been kept secret. In front of her is a being who has come from another world. A meeting which will change her life forever. As well as the planet’s.<br />
The Manetti bros. are known in Italian cinema for their love of genre films. They had directed feature-leight films, including De Generazione, Torino Boys, Zora la vampira, Piano 17. They also directed L&#8217;ispettore Coliandro, several episodes of the television series Crimini and many video clips for famous Italian singers.[/vc_column_text][/vc_column_inner][vc_column_inner width=&#8221;1/3&#8243;][vc_column_text el_id=&#8221;&#8221;]</p>
<h5>Sceneggiatura_Screenplay<br />
<strong>Antonio Manetti e Marco Manetti</strong><br />
Fotografia_Cinematography<br />
<strong>Alessandro Chiodo</strong><br />
Montaggio_Editing<br />
<strong>Federico Maneschi</strong><br />
Musiche_Music<br />
<strong>Aldo De Scalzi, Pivio</strong><br />
Interpreti_Cast<br />
<strong>Ennio Fantastichini, Francesca Cuttica, Li Yong, Juliet Esey Joseph, Antonello Morroni</strong></h5>
<p>[/vc_column_text][/vc_column_inner][/vc_row_inner][vc_separator color=&#8221;black&#8221; border_width=&#8221;2&#8243; css=&#8221;.vc_custom_1698237245454{margin-top: 30px !important;}&#8221;][vc_column_text el_id=&#8221;&#8221;]</p>
<h3 style="text-align: center;">2011 Festival Lineup</h3>
<p>[/vc_column_text][vc_separator color=&#8221;black&#8221; css=&#8221;.vc_custom_1698237228846{margin-top: -20px !important;}&#8221;][vc_basic_grid post_type=&#8221;film&#8221; max_items=&#8221;-1&#8243; style=&#8221;load-more&#8221; items_per_page=&#8221;8&#8243; element_width=&#8221;3&#8243; gap=&#8221;10&#8243; orderby=&#8221;rand&#8221; item=&#8221;43419&#8243; initial_loading_animation=&#8221;none&#8221; btn_title=&#8221;Vedi altri film&#8221; btn_style=&#8221;outline&#8221; btn_shape=&#8221;square&#8221; btn_color=&#8221;black&#8221; grid_id=&#8221;vc_gid:1713513420677-5d7308ca-f014-1&#8243; taxonomies=&#8221;129&#8243; el_id=&#8221;&#8221; btn_el_id=&#8221;&#8221;][/vc_column][/vc_row]</p>
</div>
