{"id":47467,"date":"2024-03-27T12:49:54","date_gmt":"2024-03-27T11:49:54","guid":{"rendered":"https:\/\/www.sciencefictionfestival.org\/film\/the-dark\/"},"modified":"2024-03-27T12:49:54","modified_gmt":"2024-03-27T11:49:54","slug":"the-dark","status":"publish","type":"film","link":"https:\/\/www.sciencefictionfestival.org\/en\/film\/the-dark\/","title":{"rendered":"The Dark"},"content":{"rendered":"<div class=\"wpb-content-wrapper\"><p>[vc_row full_width=&#8221;stretch_row&#8221;][vc_column][vc_row_inner][vc_column_inner width=&#8221;1\/3&#8243;][vc_column_text el_id=&#8221;&#8221;]<\/p>\n<h5>Justin P. Lange, Klemens Hufnagl<br \/>\nAustria 2018, 94\u2019<\/h5>\n<p>[\/vc_column_text][\/vc_column_inner][vc_column_inner width=&#8221;1\/3&#8243;][\/vc_column_inner][vc_column_inner width=&#8221;1\/3&#8243;][vc_column_text el_id=&#8221;&#8221;]<\/p>\n<h5><a href=\"https:\/\/www.sciencefictionfestival.org\/archivio\/tsff-2018\/\">2018_Neon<\/a><\/h5>\n<p>[\/vc_column_text][\/vc_column_inner][\/vc_row_inner][vc_separator color=&#8221;black&#8221;][vc_row_inner][vc_column_inner width=&#8221;2\/3&#8243; css=&#8221;.vc_custom_1710231564303{padding-right: 40px !important;}&#8221;][vc_column_text el_id=&#8221;&#8221;]Mentre \u00e8 a caccia nelle zone pi\u00f9 remote di un bosco dove, decenni prima, \u00e8 stata assassinata, un\u2019adolescente non-morta, sanguinaria e cannibale, trova nel bagagliaio della macchina di una delle sue vittime un ragazzo che \u00e8 stato rapito e ha subito abusi. La ragazza decide di non uccidere il suo coetaneo e questa scelta sconvolge radicalmente la sua esistenza solitaria e violenta, costringendola a riesaminare quanto della sua umanit\u00e0 \u00e8 stata distrutta dal suo omicida.<\/p>\n<hr \/>\n<p>A murderous, flesh-eating undead young girl haunting the remote stretch of woods where she was murdered decades earlier discovers a kidnapped and abused boy hiding in the trunk of one of her victim\u2019s cars. Her decision to let the boy live throws her aggressively solitary existence into upheaval, and ultimately forces her to reexamine just how much of her humanity her murderer was able to destroy.[\/vc_column_text][\/vc_column_inner][vc_column_inner width=&#8221;1\/3&#8243;][vc_column_text el_id=&#8221;&#8221;]<\/p>\n<h5>Sceneggiatura_Screenplay<br \/>\n<strong>Justin P. Lange<\/strong><br \/>\nFotografia_Cinematography<br \/>\n<strong>Klemens Hufnagl<\/strong><br \/>\nMontaggio_Editing<br \/>\n<strong>Julia Drack<\/strong><br \/>\nSuono_Sound<br \/>\n<strong>Hannes Plattmeier<\/strong><br \/>\nInterpreti_Cast<br \/>\n<strong>Nadia Alexander, Toby Nichols, Karl Markovics, Margarete Tiesel<\/strong><br \/>\nProduttori_Producers<br \/>\n<strong>Danny Krausz, Kurt Stocker, Laura Perlmutter, Andrew Nicholas McCann Smith<\/strong><br \/>\nProduzione_Production<br \/>\n<strong>DOR FILM Produktion<\/strong><br \/>\nDistribuzione internazionale_International Distribution<br \/>\n<strong>MPI Media Group<\/strong><\/h5>\n<p>[\/vc_column_text][\/vc_column_inner][\/vc_row_inner][vc_separator color=&#8221;black&#8221; border_width=&#8221;2&#8243; css=&#8221;.vc_custom_1698237245454{margin-top: 30px !important;}&#8221;][vc_column_text el_id=&#8221;&#8221;]<\/p>\n<h3 style=\"text-align: center;\">2018 Festival Lineup<\/h3>\n<p>[\/vc_column_text][vc_separator color=&#8221;black&#8221; css=&#8221;.vc_custom_1698237228846{margin-top: -20px !important;}&#8221;][vc_basic_grid post_type=&#8221;film&#8221; max_items=&#8221;-1&#8243; style=&#8221;load-more&#8221; items_per_page=&#8221;8&#8243; element_width=&#8221;3&#8243; gap=&#8221;10&#8243; orderby=&#8221;rand&#8221; item=&#8221;43419&#8243; initial_loading_animation=&#8221;none&#8221; btn_title=&#8221;Vedi altri film&#8221; btn_style=&#8221;outline&#8221; btn_shape=&#8221;square&#8221; btn_color=&#8221;black&#8221; grid_id=&#8221;vc_gid:1711539991781-3be174e2-bd20-3&#8243; taxonomies=&#8221;124&#8243; el_id=&#8221;&#8221; btn_el_id=&#8221;&#8221;][\/vc_column][\/vc_row]<\/p>\n<\/div>","protected":false},"excerpt":{"rendered":"<h5>Justin P. Lange, Klemens Hufnagl<br \/>\nAustria 2018, 94\u2019\u00a0<br \/>\n&#8211;<br \/>\n2018 Neon<\/h5>\n<p> <a class=\"g1-link g1-link-more\" href=\"https:\/\/www.sciencefictionfestival.org\/en\/film\/the-dark\/\">More<\/a><\/p>\n","protected":false},"author":1,"featured_media":27171,"menu_order":0,"template":"","format":"standard","meta":{"cybocfi_hide_featured_image":"","footnotes":""},"categories":[],"tags":[],"neon":[196],"class_list":{"0":"post-47467","1":"film","2":"type-film","3":"status-publish","4":"format-standard","5":"has-post-thumbnail","7":"neon-neon-2018"},"yoast_head":"<!-- This site is optimized with the Yoast SEO plugin v27.1.1 - https:\/\/yoast.com\/product\/yoast-seo-wordpress\/ -->\n<title>The Dark - Trieste Science+Fiction Festival<\/title>\n<meta name=\"robots\" content=\"index, follow, max-snippet:-1, max-image-preview:large, max-video-preview:-1\" \/>\n<link rel=\"canonical\" href=\"https:\/\/www.sciencefictionfestival.org\/film\/the-dark-justin-p-lange-klemens-hufnagl\/\" \/>\n<meta property=\"og:locale\" content=\"en_US\" \/>\n<meta property=\"og:type\" content=\"article\" \/>\n<meta property=\"og:title\" content=\"The Dark - Trieste Science+Fiction Festival\" \/>\n<meta property=\"og:description\" content=\"Justin P. Lange, Klemens Hufnagl Austria 2018, 94\u2019\u00a0 - 2018 Neon More\" \/>\n<meta property=\"og:url\" content=\"https:\/\/www.sciencefictionfestival.org\/film\/the-dark-justin-p-lange-klemens-hufnagl\/\" \/>\n<meta property=\"og:site_name\" content=\"Trieste Science+Fiction Festival\" \/>\n<meta property=\"og:image\" content=\"https:\/\/www.sciencefictionfestival.org\/wp-content\/uploads\/2021\/08\/The-Dark.jpg\" \/>\n\t<meta property=\"og:image:width\" content=\"800\" \/>\n\t<meta property=\"og:image:height\" content=\"450\" \/>\n\t<meta property=\"og:image:type\" content=\"image\/jpeg\" \/>\n<meta name=\"twitter:card\" content=\"summary_large_image\" \/>\n<meta name=\"twitter:label1\" content=\"Est. reading time\" \/>\n\t<meta name=\"twitter:data1\" content=\"2 minutes\" \/>\n<script type=\"application\/ld+json\" class=\"yoast-schema-graph\">{\"@context\":\"https:\/\/schema.org\",\"@graph\":[{\"@type\":\"WebPage\",\"@id\":\"https:\/\/www.sciencefictionfestival.org\/film\/the-dark-justin-p-lange-klemens-hufnagl\/\",\"url\":\"https:\/\/www.sciencefictionfestival.org\/film\/the-dark-justin-p-lange-klemens-hufnagl\/\",\"name\":\"The Dark - Trieste Science+Fiction Festival\",\"isPartOf\":{\"@id\":\"https:\/\/www.sciencefictionfestival.org\/#website\"},\"primaryImageOfPage\":{\"@id\":\"https:\/\/www.sciencefictionfestival.org\/film\/the-dark-justin-p-lange-klemens-hufnagl\/#primaryimage\"},\"image\":{\"@id\":\"https:\/\/www.sciencefictionfestival.org\/film\/the-dark-justin-p-lange-klemens-hufnagl\/#primaryimage\"},\"thumbnailUrl\":\"https:\/\/sfft.noiza-assets.eu\/sfft\/2021\/08\/The-Dark.jpg\",\"datePublished\":\"2024-03-27T11:49:54+00:00\",\"breadcrumb\":{\"@id\":\"https:\/\/www.sciencefictionfestival.org\/film\/the-dark-justin-p-lange-klemens-hufnagl\/#breadcrumb\"},\"inLanguage\":\"en-US\",\"potentialAction\":[{\"@type\":\"ReadAction\",\"target\":[\"https:\/\/www.sciencefictionfestival.org\/film\/the-dark-justin-p-lange-klemens-hufnagl\/\"]}]},{\"@type\":\"ImageObject\",\"inLanguage\":\"en-US\",\"@id\":\"https:\/\/www.sciencefictionfestival.org\/film\/the-dark-justin-p-lange-klemens-hufnagl\/#primaryimage\",\"url\":\"https:\/\/sfft.noiza-assets.eu\/sfft\/2021\/08\/The-Dark.jpg\",\"contentUrl\":\"https:\/\/sfft.noiza-assets.eu\/sfft\/2021\/08\/The-Dark.jpg\",\"width\":800,\"height\":450},{\"@type\":\"BreadcrumbList\",\"@id\":\"https:\/\/www.sciencefictionfestival.org\/film\/the-dark-justin-p-lange-klemens-hufnagl\/#breadcrumb\",\"itemListElement\":[{\"@type\":\"ListItem\",\"position\":1,\"name\":\"Home\",\"item\":\"https:\/\/www.sciencefictionfestival.org\/en\/\"},{\"@type\":\"ListItem\",\"position\":2,\"name\":\"Film\",\"item\":\"https:\/\/www.sciencefictionfestival.org\/film\/\"},{\"@type\":\"ListItem\",\"position\":3,\"name\":\"The Dark\"}]},{\"@type\":\"WebSite\",\"@id\":\"https:\/\/www.sciencefictionfestival.org\/#website\",\"url\":\"https:\/\/www.sciencefictionfestival.org\/\",\"name\":\"Trieste Science+Fiction Festival\",\"description\":\"Festival della Fantascienza di Trieste\",\"potentialAction\":[{\"@type\":\"SearchAction\",\"target\":{\"@type\":\"EntryPoint\",\"urlTemplate\":\"https:\/\/www.sciencefictionfestival.org\/?s={search_term_string}\"},\"query-input\":{\"@type\":\"PropertyValueSpecification\",\"valueRequired\":true,\"valueName\":\"search_term_string\"}}],\"inLanguage\":\"en-US\"}]}<\/script>\n<!-- \/ Yoast SEO plugin. -->","yoast_head_json":{"title":"The Dark - Trieste Science+Fiction Festival","robots":{"index":"index","follow":"follow","max-snippet":"max-snippet:-1","max-image-preview":"max-image-preview:large","max-video-preview":"max-video-preview:-1"},"canonical":"https:\/\/www.sciencefictionfestival.org\/film\/the-dark-justin-p-lange-klemens-hufnagl\/","og_locale":"en_US","og_type":"article","og_title":"The Dark - Trieste Science+Fiction Festival","og_description":"Justin P. Lange, Klemens Hufnagl Austria 2018, 94\u2019\u00a0 - 2018 Neon More","og_url":"https:\/\/www.sciencefictionfestival.org\/film\/the-dark-justin-p-lange-klemens-hufnagl\/","og_site_name":"Trieste Science+Fiction Festival","og_image":[{"width":800,"height":450,"url":"https:\/\/www.sciencefictionfestival.org\/wp-content\/uploads\/2021\/08\/The-Dark.jpg","type":"image\/jpeg"}],"twitter_card":"summary_large_image","twitter_misc":{"Est. reading time":"2 minutes"},"schema":{"@context":"https:\/\/schema.org","@graph":[{"@type":"WebPage","@id":"https:\/\/www.sciencefictionfestival.org\/film\/the-dark-justin-p-lange-klemens-hufnagl\/","url":"https:\/\/www.sciencefictionfestival.org\/film\/the-dark-justin-p-lange-klemens-hufnagl\/","name":"The Dark - Trieste Science+Fiction Festival","isPartOf":{"@id":"https:\/\/www.sciencefictionfestival.org\/#website"},"primaryImageOfPage":{"@id":"https:\/\/www.sciencefictionfestival.org\/film\/the-dark-justin-p-lange-klemens-hufnagl\/#primaryimage"},"image":{"@id":"https:\/\/www.sciencefictionfestival.org\/film\/the-dark-justin-p-lange-klemens-hufnagl\/#primaryimage"},"thumbnailUrl":"https:\/\/sfft.noiza-assets.eu\/sfft\/2021\/08\/The-Dark.jpg","datePublished":"2024-03-27T11:49:54+00:00","breadcrumb":{"@id":"https:\/\/www.sciencefictionfestival.org\/film\/the-dark-justin-p-lange-klemens-hufnagl\/#breadcrumb"},"inLanguage":"en-US","potentialAction":[{"@type":"ReadAction","target":["https:\/\/www.sciencefictionfestival.org\/film\/the-dark-justin-p-lange-klemens-hufnagl\/"]}]},{"@type":"ImageObject","inLanguage":"en-US","@id":"https:\/\/www.sciencefictionfestival.org\/film\/the-dark-justin-p-lange-klemens-hufnagl\/#primaryimage","url":"https:\/\/sfft.noiza-assets.eu\/sfft\/2021\/08\/The-Dark.jpg","contentUrl":"https:\/\/sfft.noiza-assets.eu\/sfft\/2021\/08\/The-Dark.jpg","width":800,"height":450},{"@type":"BreadcrumbList","@id":"https:\/\/www.sciencefictionfestival.org\/film\/the-dark-justin-p-lange-klemens-hufnagl\/#breadcrumb","itemListElement":[{"@type":"ListItem","position":1,"name":"Home","item":"https:\/\/www.sciencefictionfestival.org\/en\/"},{"@type":"ListItem","position":2,"name":"Film","item":"https:\/\/www.sciencefictionfestival.org\/film\/"},{"@type":"ListItem","position":3,"name":"The Dark"}]},{"@type":"WebSite","@id":"https:\/\/www.sciencefictionfestival.org\/#website","url":"https:\/\/www.sciencefictionfestival.org\/","name":"Trieste Science+Fiction Festival","description":"Festival della Fantascienza di Trieste","potentialAction":[{"@type":"SearchAction","target":{"@type":"EntryPoint","urlTemplate":"https:\/\/www.sciencefictionfestival.org\/?s={search_term_string}"},"query-input":{"@type":"PropertyValueSpecification","valueRequired":true,"valueName":"search_term_string"}}],"inLanguage":"en-US"}]}},"_links":{"self":[{"href":"https:\/\/www.sciencefictionfestival.org\/en\/wp-json\/wp\/v2\/film\/47467","targetHints":{"allow":["GET"]}}],"collection":[{"href":"https:\/\/www.sciencefictionfestival.org\/en\/wp-json\/wp\/v2\/film"}],"about":[{"href":"https:\/\/www.sciencefictionfestival.org\/en\/wp-json\/wp\/v2\/types\/film"}],"author":[{"embeddable":true,"href":"https:\/\/www.sciencefictionfestival.org\/en\/wp-json\/wp\/v2\/users\/1"}],"version-history":[{"count":0,"href":"https:\/\/www.sciencefictionfestival.org\/en\/wp-json\/wp\/v2\/film\/47467\/revisions"}],"wp:featuredmedia":[{"embeddable":true,"href":"https:\/\/www.sciencefictionfestival.org\/en\/wp-json\/wp\/v2\/media\/27171"}],"wp:attachment":[{"href":"https:\/\/www.sciencefictionfestival.org\/en\/wp-json\/wp\/v2\/media?parent=47467"}],"wp:term":[{"taxonomy":"category","embeddable":true,"href":"https:\/\/www.sciencefictionfestival.org\/en\/wp-json\/wp\/v2\/categories?post=47467"},{"taxonomy":"post_tag","embeddable":true,"href":"https:\/\/www.sciencefictionfestival.org\/en\/wp-json\/wp\/v2\/tags?post=47467"},{"taxonomy":"neon","embeddable":true,"href":"https:\/\/www.sciencefictionfestival.org\/en\/wp-json\/wp\/v2\/neon?post=47467"}],"curies":[{"name":"wp","href":"https:\/\/api.w.org\/{rel}","templated":true}]}}

<div class="wpb-content-wrapper"><p>[vc_row full_width=&#8221;stretch_row&#8221;][vc_column][vc_row_inner][vc_column_inner width=&#8221;1/3&#8243;][vc_column_text el_id=&#8221;&#8221;]</p>
<h5>Justin P. Lange, Klemens Hufnagl<br />
Austria 2018, 94’</h5>
<p>[/vc_column_text][/vc_column_inner][vc_column_inner width=&#8221;1/3&#8243;][/vc_column_inner][vc_column_inner width=&#8221;1/3&#8243;][vc_column_text el_id=&#8221;&#8221;]</p>
<h5><a href="https://www.sciencefictionfestival.org/archivio/tsff-2018/">2018_Neon</a></h5>
<p>[/vc_column_text][/vc_column_inner][/vc_row_inner][vc_separator color=&#8221;black&#8221;][vc_row_inner][vc_column_inner width=&#8221;2/3&#8243; css=&#8221;.vc_custom_1710231564303{padding-right: 40px !important;}&#8221;][vc_column_text el_id=&#8221;&#8221;]Mentre è a caccia nelle zone più remote di un bosco dove, decenni prima, è stata assassinata, un’adolescente non-morta, sanguinaria e cannibale, trova nel bagagliaio della macchina di una delle sue vittime un ragazzo che è stato rapito e ha subito abusi. La ragazza decide di non uccidere il suo coetaneo e questa scelta sconvolge radicalmente la sua esistenza solitaria e violenta, costringendola a riesaminare quanto della sua umanità è stata distrutta dal suo omicida.</p>
<hr />
<p>A murderous, flesh-eating undead young girl haunting the remote stretch of woods where she was murdered decades earlier discovers a kidnapped and abused boy hiding in the trunk of one of her victim’s cars. Her decision to let the boy live throws her aggressively solitary existence into upheaval, and ultimately forces her to reexamine just how much of her humanity her murderer was able to destroy.[/vc_column_text][/vc_column_inner][vc_column_inner width=&#8221;1/3&#8243;][vc_column_text el_id=&#8221;&#8221;]</p>
<h5>Sceneggiatura_Screenplay<br />
<strong>Justin P. Lange</strong><br />
Fotografia_Cinematography<br />
<strong>Klemens Hufnagl</strong><br />
Montaggio_Editing<br />
<strong>Julia Drack</strong><br />
Suono_Sound<br />
<strong>Hannes Plattmeier</strong><br />
Interpreti_Cast<br />
<strong>Nadia Alexander, Toby Nichols, Karl Markovics, Margarete Tiesel</strong><br />
Produttori_Producers<br />
<strong>Danny Krausz, Kurt Stocker, Laura Perlmutter, Andrew Nicholas McCann Smith</strong><br />
Produzione_Production<br />
<strong>DOR FILM Produktion</strong><br />
Distribuzione internazionale_International Distribution<br />
<strong>MPI Media Group</strong></h5>
<p>[/vc_column_text][/vc_column_inner][/vc_row_inner][vc_separator color=&#8221;black&#8221; border_width=&#8221;2&#8243; css=&#8221;.vc_custom_1698237245454{margin-top: 30px !important;}&#8221;][vc_column_text el_id=&#8221;&#8221;]</p>
<h3 style="text-align: center;">2018 Festival Lineup</h3>
<p>[/vc_column_text][vc_separator color=&#8221;black&#8221; css=&#8221;.vc_custom_1698237228846{margin-top: -20px !important;}&#8221;][vc_basic_grid post_type=&#8221;film&#8221; max_items=&#8221;-1&#8243; style=&#8221;load-more&#8221; items_per_page=&#8221;8&#8243; element_width=&#8221;3&#8243; gap=&#8221;10&#8243; orderby=&#8221;rand&#8221; item=&#8221;43419&#8243; initial_loading_animation=&#8221;none&#8221; btn_title=&#8221;Vedi altri film&#8221; btn_style=&#8221;outline&#8221; btn_shape=&#8221;square&#8221; btn_color=&#8221;black&#8221; grid_id=&#8221;vc_gid:1711539991781-3be174e2-bd20-3&#8243; taxonomies=&#8221;124&#8243; el_id=&#8221;&#8221; btn_el_id=&#8221;&#8221;][/vc_column][/vc_row]</p>
</div>
