{"id":47244,"date":"2024-03-25T16:53:18","date_gmt":"2024-03-25T15:53:18","guid":{"rendered":"https:\/\/www.sciencefictionfestival.org\/film\/the-princes-voyage\/"},"modified":"2024-03-25T16:53:18","modified_gmt":"2024-03-25T15:53:18","slug":"the-princes-voyage","status":"publish","type":"film","link":"https:\/\/www.sciencefictionfestival.org\/en\/film\/the-princes-voyage\/","title":{"rendered":"The Prince&#8217;s Voyage"},"content":{"rendered":"<div class=\"wpb-content-wrapper\"><p>[vc_row full_width=&#8221;stretch_row&#8221;][vc_column][vc_row_inner][vc_column_inner width=&#8221;1\/3&#8243;][vc_column_text el_id=&#8221;&#8221;]<\/p>\n<h5><strong>Le voyage du prince<\/strong><br \/>\nJean-Fran\u00e7ois Laguionie, Xavier Picard<br \/>\nFrance, Luxembourg 2019, 75\u2019<\/h5>\n<p>[\/vc_column_text][\/vc_column_inner][vc_column_inner width=&#8221;1\/3&#8243;][\/vc_column_inner][vc_column_inner width=&#8221;1\/3&#8243;][vc_column_text el_id=&#8221;&#8221;]<\/p>\n<h5><a href=\"https:\/\/www.sciencefictionfestival.org\/archivio\/tsff-2019\/\">Anteprima italiana_Italian premiere<br \/>\n2019_Neon \/ Out of Competition<\/a><\/h5>\n<p>[\/vc_column_text][\/vc_column_inner][\/vc_row_inner][vc_separator color=&#8221;black&#8221;][vc_row_inner][vc_column_inner width=&#8221;2\/3&#8243; css=&#8221;.vc_custom_1710231564303{padding-right: 40px !important;}&#8221;][vc_column_text el_id=&#8221;&#8221;]Dopo essere partito alla ricerca dell\u2019 \u201caltro mondo\u201d, il Principe di Laankos scomparve nel mare assieme al suo esercito. Tutti pensarono che fosse morto, ma, in realt\u00e0, il Principe riusc\u00ec a raggiungere la sponda opposta. Tom, una scimmia dodicenne, lo trova l\u00e0, svenuto. Lungo la costa, ai piedi di una foresta identica a quella che circonda il castello del Principe, si trova una citt\u00e0 simile a quelle del nostro tardo Ottocento, regolata da un\u2019incrollabile fiducia nel progresso, nella superiorit\u00e0 delle scimmie moderne e in una scienza saldamente consolidata. Il racconto del Principe sar\u00e0 una sorta di diario di viaggio in un mondo che a noi potrebbe sembrare familiare, ma che non cesser\u00e0 di stupire il Principe, scimmia del Rinascimento.<\/p>\n<hr \/>\n<p>When the Prince of the Laankos went out to discover the \u201cother world\u201d, he disappeared into the sea with his army. Everyone thought he was dead but, in reality, the Prince managed to reach the opposite shore. Tom, a 12-yearold monkey, discovers him lying unconscious there. On this shore, at the foot of a forest identical to the one at the Prince\u2019s castle, stands a city from a time close to ours (late 19th century), which functions on an unswerving faith in progress, the superiority of the modern monkey and in a firmly established science. The Prince\u2019s account will be a kind of travel diary in a world that may seem familiar to us but never ceases to surprise the Prince, a monkey from the Renaissance.[\/vc_column_text][\/vc_column_inner][vc_column_inner width=&#8221;1\/3&#8243;][vc_column_text el_id=&#8221;&#8221;]<\/p>\n<h5>Sceneggiatura_Screenplay<br \/>\n<strong>Jean-Fran\u00e7ois Laguionie, Anik Le Ray<\/strong><br \/>\nMontaggio_Editing<br \/>\n<strong>Patrick Ducruet<\/strong><br \/>\nSuono_Sound<br \/>\n<strong>Dorine Lelay<\/strong><br \/>\nMusica_Music<br \/>\n<strong>Christophe H\u00e9ral<\/strong><br \/>\nGraphic Design<br \/>\n<strong>Jean-Fran\u00e7ois Laguionie<\/strong><br \/>\nProduttori_Producers<br \/>\n<strong>Armelle Glorennec, \u00c9ric Jacquot, St\u00e9phan Roelants<\/strong><br \/>\nProduzione_Production<br \/>\n<strong>Blue Spirit Productions, M\u00e9lusine Productions<\/strong><br \/>\nDistribuzione internazionale_International Distribution<br \/>\n<strong>Urban Distribution International<\/strong><\/h5>\n<p>[\/vc_column_text][\/vc_column_inner][\/vc_row_inner][vc_separator color=&#8221;black&#8221; border_width=&#8221;2&#8243; css=&#8221;.vc_custom_1698237245454{margin-top: 30px !important;}&#8221;][vc_column_text el_id=&#8221;&#8221;]<\/p>\n<h3 style=\"text-align: center;\">2019 Festival Lineup<\/h3>\n<p>[\/vc_column_text][vc_separator color=&#8221;black&#8221; css=&#8221;.vc_custom_1698237228846{margin-top: -20px !important;}&#8221;][vc_basic_grid post_type=&#8221;film&#8221; max_items=&#8221;-1&#8243; style=&#8221;load-more&#8221; items_per_page=&#8221;8&#8243; element_width=&#8221;3&#8243; gap=&#8221;10&#8243; orderby=&#8221;rand&#8221; item=&#8221;43419&#8243; initial_loading_animation=&#8221;none&#8221; btn_title=&#8221;Vedi altri film&#8221; btn_style=&#8221;outline&#8221; btn_shape=&#8221;square&#8221; btn_color=&#8221;black&#8221; grid_id=&#8221;vc_gid:1711381759263-08aecbd0-93c4-3&#8243; taxonomies=&#8221;153&#8243; el_id=&#8221;&#8221; btn_el_id=&#8221;&#8221;][\/vc_column][\/vc_row]<\/p>\n<\/div>","protected":false},"excerpt":{"rendered":"<h5>Jean-Fran\u00e7ois Laguionie, Xavier Picard<br \/>\nFrance, Luxembourg 2019, 75\u2019<br \/>\n&#8211;<br \/>\n2019 Neon <\/h5>\n<p> <a class=\"g1-link g1-link-more\" href=\"https:\/\/www.sciencefictionfestival.org\/en\/film\/the-princes-voyage\/\">More<\/a><\/p>\n","protected":false},"author":1,"featured_media":26864,"menu_order":0,"template":"","format":"standard","meta":{"cybocfi_hide_featured_image":"","footnotes":""},"categories":[],"tags":[],"neon":[182],"class_list":{"0":"post-47244","1":"film","2":"type-film","3":"status-publish","4":"format-standard","5":"has-post-thumbnail","7":"neon-noen-2019"},"yoast_head":"<!-- This site is optimized with the Yoast SEO plugin v27.1.1 - https:\/\/yoast.com\/product\/yoast-seo-wordpress\/ -->\n<title>The Prince&#039;s Voyage - Trieste Science+Fiction Festival<\/title>\n<meta name=\"robots\" content=\"index, follow, max-snippet:-1, max-image-preview:large, max-video-preview:-1\" \/>\n<link rel=\"canonical\" href=\"https:\/\/www.sciencefictionfestival.org\/film\/the-princes-voyage-jean-francois-laguionie-xavier-picard\/\" \/>\n<meta property=\"og:locale\" content=\"en_US\" \/>\n<meta property=\"og:type\" content=\"article\" \/>\n<meta property=\"og:title\" content=\"The Prince&#039;s Voyage - Trieste Science+Fiction Festival\" \/>\n<meta property=\"og:description\" content=\"Jean-Fran\u00e7ois Laguionie, Xavier Picard France, Luxembourg 2019, 75\u2019 - 2019 Neon More\" \/>\n<meta property=\"og:url\" content=\"https:\/\/www.sciencefictionfestival.org\/film\/the-princes-voyage-jean-francois-laguionie-xavier-picard\/\" \/>\n<meta property=\"og:site_name\" content=\"Trieste Science+Fiction Festival\" \/>\n<meta property=\"og:image\" content=\"https:\/\/www.sciencefictionfestival.org\/wp-content\/uploads\/2021\/08\/The-Princes-Voyage.jpg\" \/>\n\t<meta property=\"og:image:width\" content=\"800\" \/>\n\t<meta property=\"og:image:height\" content=\"450\" \/>\n\t<meta property=\"og:image:type\" content=\"image\/jpeg\" \/>\n<meta name=\"twitter:card\" content=\"summary_large_image\" \/>\n<meta name=\"twitter:label1\" content=\"Est. reading time\" \/>\n\t<meta name=\"twitter:data1\" content=\"3 minutes\" \/>\n<script type=\"application\/ld+json\" class=\"yoast-schema-graph\">{\"@context\":\"https:\/\/schema.org\",\"@graph\":[{\"@type\":\"WebPage\",\"@id\":\"https:\/\/www.sciencefictionfestival.org\/film\/the-princes-voyage-jean-francois-laguionie-xavier-picard\/\",\"url\":\"https:\/\/www.sciencefictionfestival.org\/film\/the-princes-voyage-jean-francois-laguionie-xavier-picard\/\",\"name\":\"The Prince's Voyage - Trieste Science+Fiction Festival\",\"isPartOf\":{\"@id\":\"https:\/\/www.sciencefictionfestival.org\/#website\"},\"primaryImageOfPage\":{\"@id\":\"https:\/\/www.sciencefictionfestival.org\/film\/the-princes-voyage-jean-francois-laguionie-xavier-picard\/#primaryimage\"},\"image\":{\"@id\":\"https:\/\/www.sciencefictionfestival.org\/film\/the-princes-voyage-jean-francois-laguionie-xavier-picard\/#primaryimage\"},\"thumbnailUrl\":\"https:\/\/sfft.noiza-assets.eu\/sfft\/2021\/08\/The-Princes-Voyage.jpg\",\"datePublished\":\"2024-03-25T15:53:18+00:00\",\"breadcrumb\":{\"@id\":\"https:\/\/www.sciencefictionfestival.org\/film\/the-princes-voyage-jean-francois-laguionie-xavier-picard\/#breadcrumb\"},\"inLanguage\":\"en-US\",\"potentialAction\":[{\"@type\":\"ReadAction\",\"target\":[\"https:\/\/www.sciencefictionfestival.org\/film\/the-princes-voyage-jean-francois-laguionie-xavier-picard\/\"]}]},{\"@type\":\"ImageObject\",\"inLanguage\":\"en-US\",\"@id\":\"https:\/\/www.sciencefictionfestival.org\/film\/the-princes-voyage-jean-francois-laguionie-xavier-picard\/#primaryimage\",\"url\":\"https:\/\/sfft.noiza-assets.eu\/sfft\/2021\/08\/The-Princes-Voyage.jpg\",\"contentUrl\":\"https:\/\/sfft.noiza-assets.eu\/sfft\/2021\/08\/The-Princes-Voyage.jpg\",\"width\":800,\"height\":450},{\"@type\":\"BreadcrumbList\",\"@id\":\"https:\/\/www.sciencefictionfestival.org\/film\/the-princes-voyage-jean-francois-laguionie-xavier-picard\/#breadcrumb\",\"itemListElement\":[{\"@type\":\"ListItem\",\"position\":1,\"name\":\"Home\",\"item\":\"https:\/\/www.sciencefictionfestival.org\/en\/\"},{\"@type\":\"ListItem\",\"position\":2,\"name\":\"Film\",\"item\":\"https:\/\/www.sciencefictionfestival.org\/film\/\"},{\"@type\":\"ListItem\",\"position\":3,\"name\":\"The Prince&#8217;s Voyage\"}]},{\"@type\":\"WebSite\",\"@id\":\"https:\/\/www.sciencefictionfestival.org\/#website\",\"url\":\"https:\/\/www.sciencefictionfestival.org\/\",\"name\":\"Trieste Science+Fiction Festival\",\"description\":\"Festival della Fantascienza di Trieste\",\"potentialAction\":[{\"@type\":\"SearchAction\",\"target\":{\"@type\":\"EntryPoint\",\"urlTemplate\":\"https:\/\/www.sciencefictionfestival.org\/?s={search_term_string}\"},\"query-input\":{\"@type\":\"PropertyValueSpecification\",\"valueRequired\":true,\"valueName\":\"search_term_string\"}}],\"inLanguage\":\"en-US\"}]}<\/script>\n<!-- \/ Yoast SEO plugin. -->","yoast_head_json":{"title":"The Prince's Voyage - Trieste Science+Fiction Festival","robots":{"index":"index","follow":"follow","max-snippet":"max-snippet:-1","max-image-preview":"max-image-preview:large","max-video-preview":"max-video-preview:-1"},"canonical":"https:\/\/www.sciencefictionfestival.org\/film\/the-princes-voyage-jean-francois-laguionie-xavier-picard\/","og_locale":"en_US","og_type":"article","og_title":"The Prince's Voyage - Trieste Science+Fiction Festival","og_description":"Jean-Fran\u00e7ois Laguionie, Xavier Picard France, Luxembourg 2019, 75\u2019 - 2019 Neon More","og_url":"https:\/\/www.sciencefictionfestival.org\/film\/the-princes-voyage-jean-francois-laguionie-xavier-picard\/","og_site_name":"Trieste Science+Fiction Festival","og_image":[{"width":800,"height":450,"url":"https:\/\/www.sciencefictionfestival.org\/wp-content\/uploads\/2021\/08\/The-Princes-Voyage.jpg","type":"image\/jpeg"}],"twitter_card":"summary_large_image","twitter_misc":{"Est. reading time":"3 minutes"},"schema":{"@context":"https:\/\/schema.org","@graph":[{"@type":"WebPage","@id":"https:\/\/www.sciencefictionfestival.org\/film\/the-princes-voyage-jean-francois-laguionie-xavier-picard\/","url":"https:\/\/www.sciencefictionfestival.org\/film\/the-princes-voyage-jean-francois-laguionie-xavier-picard\/","name":"The Prince's Voyage - Trieste Science+Fiction Festival","isPartOf":{"@id":"https:\/\/www.sciencefictionfestival.org\/#website"},"primaryImageOfPage":{"@id":"https:\/\/www.sciencefictionfestival.org\/film\/the-princes-voyage-jean-francois-laguionie-xavier-picard\/#primaryimage"},"image":{"@id":"https:\/\/www.sciencefictionfestival.org\/film\/the-princes-voyage-jean-francois-laguionie-xavier-picard\/#primaryimage"},"thumbnailUrl":"https:\/\/sfft.noiza-assets.eu\/sfft\/2021\/08\/The-Princes-Voyage.jpg","datePublished":"2024-03-25T15:53:18+00:00","breadcrumb":{"@id":"https:\/\/www.sciencefictionfestival.org\/film\/the-princes-voyage-jean-francois-laguionie-xavier-picard\/#breadcrumb"},"inLanguage":"en-US","potentialAction":[{"@type":"ReadAction","target":["https:\/\/www.sciencefictionfestival.org\/film\/the-princes-voyage-jean-francois-laguionie-xavier-picard\/"]}]},{"@type":"ImageObject","inLanguage":"en-US","@id":"https:\/\/www.sciencefictionfestival.org\/film\/the-princes-voyage-jean-francois-laguionie-xavier-picard\/#primaryimage","url":"https:\/\/sfft.noiza-assets.eu\/sfft\/2021\/08\/The-Princes-Voyage.jpg","contentUrl":"https:\/\/sfft.noiza-assets.eu\/sfft\/2021\/08\/The-Princes-Voyage.jpg","width":800,"height":450},{"@type":"BreadcrumbList","@id":"https:\/\/www.sciencefictionfestival.org\/film\/the-princes-voyage-jean-francois-laguionie-xavier-picard\/#breadcrumb","itemListElement":[{"@type":"ListItem","position":1,"name":"Home","item":"https:\/\/www.sciencefictionfestival.org\/en\/"},{"@type":"ListItem","position":2,"name":"Film","item":"https:\/\/www.sciencefictionfestival.org\/film\/"},{"@type":"ListItem","position":3,"name":"The Prince&#8217;s Voyage"}]},{"@type":"WebSite","@id":"https:\/\/www.sciencefictionfestival.org\/#website","url":"https:\/\/www.sciencefictionfestival.org\/","name":"Trieste Science+Fiction Festival","description":"Festival della Fantascienza di Trieste","potentialAction":[{"@type":"SearchAction","target":{"@type":"EntryPoint","urlTemplate":"https:\/\/www.sciencefictionfestival.org\/?s={search_term_string}"},"query-input":{"@type":"PropertyValueSpecification","valueRequired":true,"valueName":"search_term_string"}}],"inLanguage":"en-US"}]}},"_links":{"self":[{"href":"https:\/\/www.sciencefictionfestival.org\/en\/wp-json\/wp\/v2\/film\/47244","targetHints":{"allow":["GET"]}}],"collection":[{"href":"https:\/\/www.sciencefictionfestival.org\/en\/wp-json\/wp\/v2\/film"}],"about":[{"href":"https:\/\/www.sciencefictionfestival.org\/en\/wp-json\/wp\/v2\/types\/film"}],"author":[{"embeddable":true,"href":"https:\/\/www.sciencefictionfestival.org\/en\/wp-json\/wp\/v2\/users\/1"}],"version-history":[{"count":0,"href":"https:\/\/www.sciencefictionfestival.org\/en\/wp-json\/wp\/v2\/film\/47244\/revisions"}],"wp:featuredmedia":[{"embeddable":true,"href":"https:\/\/www.sciencefictionfestival.org\/en\/wp-json\/wp\/v2\/media\/26864"}],"wp:attachment":[{"href":"https:\/\/www.sciencefictionfestival.org\/en\/wp-json\/wp\/v2\/media?parent=47244"}],"wp:term":[{"taxonomy":"category","embeddable":true,"href":"https:\/\/www.sciencefictionfestival.org\/en\/wp-json\/wp\/v2\/categories?post=47244"},{"taxonomy":"post_tag","embeddable":true,"href":"https:\/\/www.sciencefictionfestival.org\/en\/wp-json\/wp\/v2\/tags?post=47244"},{"taxonomy":"neon","embeddable":true,"href":"https:\/\/www.sciencefictionfestival.org\/en\/wp-json\/wp\/v2\/neon?post=47244"}],"curies":[{"name":"wp","href":"https:\/\/api.w.org\/{rel}","templated":true}]}}

<div class="wpb-content-wrapper"><p>[vc_row full_width=&#8221;stretch_row&#8221;][vc_column][vc_row_inner][vc_column_inner width=&#8221;1/3&#8243;][vc_column_text el_id=&#8221;&#8221;]</p>
<h5><strong>Le voyage du prince</strong><br />
Jean-François Laguionie, Xavier Picard<br />
France, Luxembourg 2019, 75’</h5>
<p>[/vc_column_text][/vc_column_inner][vc_column_inner width=&#8221;1/3&#8243;][/vc_column_inner][vc_column_inner width=&#8221;1/3&#8243;][vc_column_text el_id=&#8221;&#8221;]</p>
<h5><a href="https://www.sciencefictionfestival.org/archivio/tsff-2019/">Anteprima italiana_Italian premiere<br />
2019_Neon / Out of Competition</a></h5>
<p>[/vc_column_text][/vc_column_inner][/vc_row_inner][vc_separator color=&#8221;black&#8221;][vc_row_inner][vc_column_inner width=&#8221;2/3&#8243; css=&#8221;.vc_custom_1710231564303{padding-right: 40px !important;}&#8221;][vc_column_text el_id=&#8221;&#8221;]Dopo essere partito alla ricerca dell’ “altro mondo”, il Principe di Laankos scomparve nel mare assieme al suo esercito. Tutti pensarono che fosse morto, ma, in realtà, il Principe riuscì a raggiungere la sponda opposta. Tom, una scimmia dodicenne, lo trova là, svenuto. Lungo la costa, ai piedi di una foresta identica a quella che circonda il castello del Principe, si trova una città simile a quelle del nostro tardo Ottocento, regolata da un’incrollabile fiducia nel progresso, nella superiorità delle scimmie moderne e in una scienza saldamente consolidata. Il racconto del Principe sarà una sorta di diario di viaggio in un mondo che a noi potrebbe sembrare familiare, ma che non cesserà di stupire il Principe, scimmia del Rinascimento.</p>
<hr />
<p>When the Prince of the Laankos went out to discover the “other world”, he disappeared into the sea with his army. Everyone thought he was dead but, in reality, the Prince managed to reach the opposite shore. Tom, a 12-yearold monkey, discovers him lying unconscious there. On this shore, at the foot of a forest identical to the one at the Prince’s castle, stands a city from a time close to ours (late 19th century), which functions on an unswerving faith in progress, the superiority of the modern monkey and in a firmly established science. The Prince’s account will be a kind of travel diary in a world that may seem familiar to us but never ceases to surprise the Prince, a monkey from the Renaissance.[/vc_column_text][/vc_column_inner][vc_column_inner width=&#8221;1/3&#8243;][vc_column_text el_id=&#8221;&#8221;]</p>
<h5>Sceneggiatura_Screenplay<br />
<strong>Jean-François Laguionie, Anik Le Ray</strong><br />
Montaggio_Editing<br />
<strong>Patrick Ducruet</strong><br />
Suono_Sound<br />
<strong>Dorine Lelay</strong><br />
Musica_Music<br />
<strong>Christophe Héral</strong><br />
Graphic Design<br />
<strong>Jean-François Laguionie</strong><br />
Produttori_Producers<br />
<strong>Armelle Glorennec, Éric Jacquot, Stéphan Roelants</strong><br />
Produzione_Production<br />
<strong>Blue Spirit Productions, Mélusine Productions</strong><br />
Distribuzione internazionale_International Distribution<br />
<strong>Urban Distribution International</strong></h5>
<p>[/vc_column_text][/vc_column_inner][/vc_row_inner][vc_separator color=&#8221;black&#8221; border_width=&#8221;2&#8243; css=&#8221;.vc_custom_1698237245454{margin-top: 30px !important;}&#8221;][vc_column_text el_id=&#8221;&#8221;]</p>
<h3 style="text-align: center;">2019 Festival Lineup</h3>
<p>[/vc_column_text][vc_separator color=&#8221;black&#8221; css=&#8221;.vc_custom_1698237228846{margin-top: -20px !important;}&#8221;][vc_basic_grid post_type=&#8221;film&#8221; max_items=&#8221;-1&#8243; style=&#8221;load-more&#8221; items_per_page=&#8221;8&#8243; element_width=&#8221;3&#8243; gap=&#8221;10&#8243; orderby=&#8221;rand&#8221; item=&#8221;43419&#8243; initial_loading_animation=&#8221;none&#8221; btn_title=&#8221;Vedi altri film&#8221; btn_style=&#8221;outline&#8221; btn_shape=&#8221;square&#8221; btn_color=&#8221;black&#8221; grid_id=&#8221;vc_gid:1711381759263-08aecbd0-93c4-3&#8243; taxonomies=&#8221;153&#8243; el_id=&#8221;&#8221; btn_el_id=&#8221;&#8221;][/vc_column][/vc_row]</p>
</div>

<h5>Jean-François Laguionie, Xavier Picard<br />
France, Luxembourg 2019, 75’<br />
&#8211;<br />
2019 Neon </h5>
<p> <a class="g1-link g1-link-more" href="https://www.sciencefictionfestival.org/en/film/the-princes-voyage/">More</a></p>

<!-- This site is optimized with the Yoast SEO plugin v27.1.1 - https://yoast.com/product/yoast-seo-wordpress/ -->
<title>The Prince&#039;s Voyage - Trieste Science+Fiction Festival</title>
<meta name="robots" content="index, follow, max-snippet:-1, max-image-preview:large, max-video-preview:-1" />
<link rel="canonical" href="https://www.sciencefictionfestival.org/film/the-princes-voyage-jean-francois-laguionie-xavier-picard/" />
<meta property="og:locale" content="en_US" />
<meta property="og:type" content="article" />
<meta property="og:title" content="The Prince&#039;s Voyage - Trieste Science+Fiction Festival" />
<meta property="og:description" content="Jean-François Laguionie, Xavier Picard France, Luxembourg 2019, 75’ - 2019 Neon More" />
<meta property="og:url" content="https://www.sciencefictionfestival.org/film/the-princes-voyage-jean-francois-laguionie-xavier-picard/" />
<meta property="og:site_name" content="Trieste Science+Fiction Festival" />
<meta property="og:image" content="https://www.sciencefictionfestival.org/wp-content/uploads/2021/08/The-Princes-Voyage.jpg" />
	<meta property="og:image:width" content="800" />
	<meta property="og:image:height" content="450" />
	<meta property="og:image:type" content="image/jpeg" />
<meta name="twitter:card" content="summary_large_image" />
<meta name="twitter:label1" content="Est. reading time" />
	<meta name="twitter:data1" content="3 minutes" />
<script type="application/ld+json" class="yoast-schema-graph">{"@context":"https://schema.org","@graph":[{"@type":"WebPage","@id":"https://www.sciencefictionfestival.org/film/the-princes-voyage-jean-francois-laguionie-xavier-picard/","url":"https://www.sciencefictionfestival.org/film/the-princes-voyage-jean-francois-laguionie-xavier-picard/","name":"The Prince's Voyage - Trieste Science+Fiction Festival","isPartOf":{"@id":"https://www.sciencefictionfestival.org/#website"},"primaryImageOfPage":{"@id":"https://www.sciencefictionfestival.org/film/the-princes-voyage-jean-francois-laguionie-xavier-picard/#primaryimage"},"image":{"@id":"https://www.sciencefictionfestival.org/film/the-princes-voyage-jean-francois-laguionie-xavier-picard/#primaryimage"},"thumbnailUrl":"https://sfft.noiza-assets.eu/sfft/2021/08/The-Princes-Voyage.jpg","datePublished":"2024-03-25T15:53:18+00:00","breadcrumb":{"@id":"https://www.sciencefictionfestival.org/film/the-princes-voyage-jean-francois-laguionie-xavier-picard/#breadcrumb"},"inLanguage":"en-US","potentialAction":[{"@type":"ReadAction","target":["https://www.sciencefictionfestival.org/film/the-princes-voyage-jean-francois-laguionie-xavier-picard/"]}]},{"@type":"ImageObject","inLanguage":"en-US","@id":"https://www.sciencefictionfestival.org/film/the-princes-voyage-jean-francois-laguionie-xavier-picard/#primaryimage","url":"https://sfft.noiza-assets.eu/sfft/2021/08/The-Princes-Voyage.jpg","contentUrl":"https://sfft.noiza-assets.eu/sfft/2021/08/The-Princes-Voyage.jpg","width":800,"height":450},{"@type":"BreadcrumbList","@id":"https://www.sciencefictionfestival.org/film/the-princes-voyage-jean-francois-laguionie-xavier-picard/#breadcrumb","itemListElement":[{"@type":"ListItem","position":1,"name":"Home","item":"https://www.sciencefictionfestival.org/en/"},{"@type":"ListItem","position":2,"name":"Film","item":"https://www.sciencefictionfestival.org/film/"},{"@type":"ListItem","position":3,"name":"The Prince&#8217;s Voyage"}]},{"@type":"WebSite","@id":"https://www.sciencefictionfestival.org/#website","url":"https://www.sciencefictionfestival.org/","name":"Trieste Science+Fiction Festival","description":"Festival della Fantascienza di Trieste","potentialAction":[{"@type":"SearchAction","target":{"@type":"EntryPoint","urlTemplate":"https://www.sciencefictionfestival.org/?s={search_term_string}"},"query-input":{"@type":"PropertyValueSpecification","valueRequired":true,"valueName":"search_term_string"}}],"inLanguage":"en-US"}]}</script>
<!-- / Yoast SEO plugin. -->

Jean-François Laguionie, Xavier Picard France, Luxembourg 2019, 75’ - 2019 Neon More
